{"id":932,"date":"2023-10-23T16:57:51","date_gmt":"2023-10-23T16:57:51","guid":{"rendered":"https:\/\/revues.dev.uqam.ca\/demo\/?page_id=932"},"modified":"2025-04-11T15:42:26","modified_gmt":"2025-04-11T15:42:26","slug":"mouvement-de-la-science-ouverte","status":"publish","type":"page","link":"https:\/\/revues.uqam.ca\/soutien\/mouvement-de-la-science-ouverte\/","title":{"rendered":"Mouvement de la science ouverte"},"content":{"rendered":"\n<p><\/p>\n\n\n\n<p>Depuis environ 5 ans, le Canada et le Qu\u00e9bec se sont dot\u00e9s de politiques&nbsp;et de documents&nbsp;d\u2019orientation en faveur du d\u00e9veloppement d\u2019une science ouverte dans notre soci\u00e9t\u00e9.&nbsp;H\u00e9rit\u00e9es de pratiques europ\u00e9ennes, les diverses acteurs du milieu de la recherche scientifique canadiens et qu\u00e9b\u00e9cois travaillent sur la mise en \u0153uvre de diff\u00e9rentes dimensions de la science ouverte afin de s&rsquo;arrimer avec les standards internationaux tels que les <a href=\"https:\/\/unesdoc.unesco.org\/ark:\/48223\/pf0000379949_fre\">recommandations <\/a>de l&rsquo;UNESCO.<\/p>\n\n\n\n<p> Dans le milieu de l&rsquo;\u00e9dition savante, lorsque l&rsquo;on r\u00e9f\u00e8re \u00e0 la science ouverte,  trois aspects doivent retenir notre attention: <\/p>\n\n\n\n<ul class=\"wp-block-list\">\n<li>Le libre acc\u00e8s<\/li>\n\n\n\n<li>Les licences Creative Commons<\/li>\n\n\n\n<li>L&rsquo;indexation dans des r\u00e9pertoires de revues<\/li>\n<\/ul>\n\n\n\n<p><strong>Le libre acc\u00e8s<\/strong><\/p>\n\n\n\n<p>Le mouvement en faveur du libre acc\u00e8s (open access) regroupe les diff\u00e9rentes initiatives qui visent \u00e0 rendre accessible gratuitement la connaissance, notamment la connaissance issue de la recherche scientifique. <\/p>\n\n\n\n<p>La premi\u00e8re <a href=\"https:\/\/science.gc.ca\/site\/science\/fr\/financement-interorganismes-recherche\/politiques-lignes-directrices\/libre-acces\/politique-trois-organismes-libre-acces-aux-publications-2015\">politique canadienne<\/a> en faveur du libre acc\u00e8s \u00e0 \u00e9t\u00e9 publi\u00e9 en 2015 et nous attendons une r\u00e9vision de cette politique pour 2025.  Au Qu\u00e9bec, <a href=\"https:\/\/frq.gouv.qc.ca\/app\/uploads\/2022\/06\/politique-libre-acces-revisee_vf.pdf\">cette m\u00eame politique<\/a> a \u00e9t\u00e9 publi\u00e9 en 2019, mais modifi\u00e9e en 2022, ann\u00e9e o\u00f9 les Fonds de recherche du Qu\u00e9bec ont adh\u00e9r\u00e9 au <a href=\"https:\/\/www.coalition-s.org\/\">Plan S<\/a>, intensifiant leur volont\u00e9 de supporter la science ouverte.  <\/p>\n\n\n\n<p><strong>Les licences Creative Commons<\/strong><\/p>\n\n\n\n<p>Les licences Creative Commons sont des moyens standardis\u00e9s qui permettent d&rsquo;accorder des droits d&rsquo;utilisation sur des \u0153uvres. Pour \u00eatre conforme avec le Plan S, lorsqu&rsquo;une revue re\u00e7oit du financement des Fonds de recherche du Qu\u00e9bec (FRQ) ou lorsque la recherche de la personne autrice a \u00e9t\u00e9 financ\u00e9e par le FRQ, il y a une obligation \u00e0 publier sous licences CC-BY, soit la licence la plus ouverte, ou en  CC-BY-ND , si les personnes autrices jugent que des modifications ne peuvent \u00eatre apport\u00e9es \u00e0 l&rsquo;\u0153uvre originale. Pour le moment, le gouvernement canadien n&rsquo;a pas \u00e9mis de recommandations par rapport au droit d&rsquo;auteur et \u00e0 l&rsquo;utilisation Creative Commons.<\/p>\n\n\n\n<p><strong>L&rsquo;indexation dans des r\u00e9pertoires de revues<\/strong><\/p>\n\n\n\n<p>Afin que le contenu d&rsquo;une revue soit accessible, celle-ci doit \u00eatre facilement rep\u00e9rable.  Le meilleur moyen pour assurer le rep\u00e9rage d&rsquo;une revue est d&rsquo;\u00eatre index\u00e9e dans les bases de donn\u00e9es ou dans les r\u00e9pertoires qui sont consult\u00e9s par les communaut\u00e9s de recherche. Pour s&rsquo;assurer d&rsquo;\u00eatre en conformit\u00e9  avec les principes de la science ouverte, une revue doit pr\u00e9f\u00e9rablement \u00eatre index\u00e9e sur un r\u00e9pertoire d&rsquo;h\u00e9bergement de revues en libre acc\u00e8s tel que le Directory of Open Access Journals (DOAJ). Plus pr\u00e8s de nous, la plateforme <a href=\"https:\/\/www.erudit.org\/fr\/\">\u00c9rudit<\/a> diffuse de nombreuses revues en libre acc\u00e8s qui sont rigoureusement choisies par leur \u00e9quipe. <\/p>\n\n\n\n<p><\/p>\n\n\n\n<p><\/p>\n\n\n\n<p><\/p>\n\n\n\n<p><\/p>\n\n\n\n<p><\/p>\n\n\n\n<p><\/p>\n\n\n\n<p><\/p>\n","protected":false},"excerpt":{"rendered":"<p>Depuis environ 5 ans, le Canada et le Qu\u00e9bec se sont dot\u00e9s de politiques&nbsp;et de documents&nbsp;d\u2019orientation en faveur du d\u00e9veloppement d\u2019une science ouverte dans notre soci\u00e9t\u00e9.&nbsp;H\u00e9rit\u00e9es de pratiques europ\u00e9ennes, les diverses acteurs du milieu de la recherche scientifique canadiens et qu\u00e9b\u00e9cois travaillent sur la mise en \u0153uvre de diff\u00e9rentes dimensions de la science ouverte afin [&hellip;]<\/p>\n","protected":false},"author":11,"featured_media":0,"parent":0,"menu_order":0,"comment_status":"closed","ping_status":"closed","template":"","meta":{"_acf_changed":false,"advgb_blocks_editor_width":"","advgb_blocks_columns_visual_guide":"","footnotes":""},"categories":[],"class_list":["post-932","page","type-page","status-publish","hentry"],"acf":[],"yoast_head":"<!-- This site is optimized with the Yoast SEO plugin v22.1 - https:\/\/yoast.com\/wordpress\/plugins\/seo\/ -->\n<title>Mouvement de la science ouverte - Service de soutien aux revues<\/title>\n<meta name=\"robots\" content=\"index, follow, max-snippet:-1, max-image-preview:large, max-video-preview:-1\" \/>\n<link rel=\"canonical\" href=\"https:\/\/revues.uqam.ca\/soutien\/mouvement-de-la-science-ouverte\/\" \/>\n<meta property=\"og:locale\" content=\"fr_CA\" \/>\n<meta property=\"og:type\" content=\"article\" \/>\n<meta property=\"og:title\" content=\"Mouvement de la science ouverte - Service de soutien aux revues\" \/>\n<meta property=\"og:description\" content=\"Depuis environ 5 ans, le Canada et le Qu\u00e9bec se sont dot\u00e9s de politiques&nbsp;et de documents&nbsp;d\u2019orientation en faveur du d\u00e9veloppement d\u2019une science ouverte dans notre soci\u00e9t\u00e9.&nbsp;H\u00e9rit\u00e9es de pratiques europ\u00e9ennes, les diverses acteurs du milieu de la recherche scientifique canadiens et qu\u00e9b\u00e9cois travaillent sur la mise en \u0153uvre de diff\u00e9rentes dimensions de la science ouverte afin [&hellip;]\" \/>\n<meta property=\"og:url\" content=\"https:\/\/revues.uqam.ca\/soutien\/mouvement-de-la-science-ouverte\/\" \/>\n<meta property=\"og:site_name\" content=\"Service de soutien aux revues\" \/>\n<meta property=\"article:modified_time\" content=\"2025-04-11T15:42:26+00:00\" \/>\n<meta name=\"twitter:card\" content=\"summary_large_image\" \/>\n<meta name=\"twitter:label1\" content=\"Estimation du temps de lecture\" \/>\n\t<meta name=\"twitter:data1\" content=\"3 minutes\" \/>\n<script type=\"application\/ld+json\" class=\"yoast-schema-graph\">{\"@context\":\"https:\/\/schema.org\",\"@graph\":[{\"@type\":\"WebPage\",\"@id\":\"https:\/\/revues.uqam.ca\/soutien\/mouvement-de-la-science-ouverte\/\",\"url\":\"https:\/\/revues.uqam.ca\/soutien\/mouvement-de-la-science-ouverte\/\",\"name\":\"Mouvement de la science ouverte - Service de soutien aux revues\",\"isPartOf\":{\"@id\":\"https:\/\/revues.uqam.ca\/soutien\/#website\"},\"datePublished\":\"2023-10-23T16:57:51+00:00\",\"dateModified\":\"2025-04-11T15:42:26+00:00\",\"breadcrumb\":{\"@id\":\"https:\/\/revues.uqam.ca\/soutien\/mouvement-de-la-science-ouverte\/#breadcrumb\"},\"inLanguage\":\"fr-CA\",\"potentialAction\":[{\"@type\":\"ReadAction\",\"target\":[\"https:\/\/revues.uqam.ca\/soutien\/mouvement-de-la-science-ouverte\/\"]}]},{\"@type\":\"BreadcrumbList\",\"@id\":\"https:\/\/revues.uqam.ca\/soutien\/mouvement-de-la-science-ouverte\/#breadcrumb\",\"itemListElement\":[{\"@type\":\"ListItem\",\"position\":1,\"name\":\"UQAM\",\"item\":\"https:\/\/uqam.ca\"},{\"@type\":\"ListItem\",\"position\":2,\"name\":\"Service de soutien aux revues\",\"item\":\"https:\/\/revues.uqam.ca\/soutien\"},{\"@type\":\"ListItem\",\"position\":3,\"name\":\"Mouvement de la science ouverte\"}]},{\"@type\":\"WebSite\",\"@id\":\"https:\/\/revues.uqam.ca\/soutien\/#website\",\"url\":\"https:\/\/revues.uqam.ca\/soutien\/\",\"name\":\"Service de soutien aux revues\",\"description\":\"Un site utilisant Revues UQAM\",\"potentialAction\":[{\"@type\":\"SearchAction\",\"target\":{\"@type\":\"EntryPoint\",\"urlTemplate\":\"https:\/\/revues.uqam.ca\/soutien\/recherche\/?q={search_term_string}\"},\"query-input\":\"required name=search_term_string\"}],\"inLanguage\":\"fr-CA\"}]}<\/script>\n<!-- \/ Yoast SEO plugin. -->","yoast_head_json":{"title":"Mouvement de la science ouverte - Service de soutien aux revues","robots":{"index":"index","follow":"follow","max-snippet":"max-snippet:-1","max-image-preview":"max-image-preview:large","max-video-preview":"max-video-preview:-1"},"canonical":"https:\/\/revues.uqam.ca\/soutien\/mouvement-de-la-science-ouverte\/","og_locale":"fr_CA","og_type":"article","og_title":"Mouvement de la science ouverte - Service de soutien aux revues","og_description":"Depuis environ 5 ans, le Canada et le Qu\u00e9bec se sont dot\u00e9s de politiques&nbsp;et de documents&nbsp;d\u2019orientation en faveur du d\u00e9veloppement d\u2019une science ouverte dans notre soci\u00e9t\u00e9.&nbsp;H\u00e9rit\u00e9es de pratiques europ\u00e9ennes, les diverses acteurs du milieu de la recherche scientifique canadiens et qu\u00e9b\u00e9cois travaillent sur la mise en \u0153uvre de diff\u00e9rentes dimensions de la science ouverte afin [&hellip;]","og_url":"https:\/\/revues.uqam.ca\/soutien\/mouvement-de-la-science-ouverte\/","og_site_name":"Service de soutien aux revues","article_modified_time":"2025-04-11T15:42:26+00:00","twitter_card":"summary_large_image","twitter_misc":{"Estimation du temps de lecture":"3 minutes"},"schema":{"@context":"https:\/\/schema.org","@graph":[{"@type":"WebPage","@id":"https:\/\/revues.uqam.ca\/soutien\/mouvement-de-la-science-ouverte\/","url":"https:\/\/revues.uqam.ca\/soutien\/mouvement-de-la-science-ouverte\/","name":"Mouvement de la science ouverte - Service de soutien aux revues","isPartOf":{"@id":"https:\/\/revues.uqam.ca\/soutien\/#website"},"datePublished":"2023-10-23T16:57:51+00:00","dateModified":"2025-04-11T15:42:26+00:00","breadcrumb":{"@id":"https:\/\/revues.uqam.ca\/soutien\/mouvement-de-la-science-ouverte\/#breadcrumb"},"inLanguage":"fr-CA","potentialAction":[{"@type":"ReadAction","target":["https:\/\/revues.uqam.ca\/soutien\/mouvement-de-la-science-ouverte\/"]}]},{"@type":"BreadcrumbList","@id":"https:\/\/revues.uqam.ca\/soutien\/mouvement-de-la-science-ouverte\/#breadcrumb","itemListElement":[{"@type":"ListItem","position":1,"name":"UQAM","item":"https:\/\/uqam.ca"},{"@type":"ListItem","position":2,"name":"Service de soutien aux revues","item":"https:\/\/revues.uqam.ca\/soutien"},{"@type":"ListItem","position":3,"name":"Mouvement de la science ouverte"}]},{"@type":"WebSite","@id":"https:\/\/revues.uqam.ca\/soutien\/#website","url":"https:\/\/revues.uqam.ca\/soutien\/","name":"Service de soutien aux revues","description":"Un site utilisant Revues UQAM","potentialAction":[{"@type":"SearchAction","target":{"@type":"EntryPoint","urlTemplate":"https:\/\/revues.uqam.ca\/soutien\/recherche\/?q={search_term_string}"},"query-input":"required name=search_term_string"}],"inLanguage":"fr-CA"}]}},"coauthors":[],"author_meta":{"author_link":"https:\/\/revues.uqam.ca\/soutien\/author\/godina\/","display_name":"Alexandre Godin"},"relative_dates":{"created":"Posted 3 ann\u00e9es ago","modified":"Updated 1 ann\u00e9e ago"},"absolute_dates":{"created":"Posted on 23 octobre 2023","modified":"Updated on 11 avril 2025"},"absolute_dates_time":{"created":"Posted on 23 octobre 2023 16 h 57 min","modified":"Updated on 11 avril 2025 15 h 42 min"},"featured_img_caption":"","featured_img":false,"series_order":"","_links":{"self":[{"href":"https:\/\/revues.uqam.ca\/soutien\/wp-json\/wp\/v2\/pages\/932","targetHints":{"allow":["GET"]}}],"collection":[{"href":"https:\/\/revues.uqam.ca\/soutien\/wp-json\/wp\/v2\/pages"}],"about":[{"href":"https:\/\/revues.uqam.ca\/soutien\/wp-json\/wp\/v2\/types\/page"}],"author":[{"embeddable":true,"href":"https:\/\/revues.uqam.ca\/soutien\/wp-json\/wp\/v2\/users\/11"}],"replies":[{"embeddable":true,"href":"https:\/\/revues.uqam.ca\/soutien\/wp-json\/wp\/v2\/comments?post=932"}],"version-history":[{"count":14,"href":"https:\/\/revues.uqam.ca\/soutien\/wp-json\/wp\/v2\/pages\/932\/revisions"}],"predecessor-version":[{"id":1460,"href":"https:\/\/revues.uqam.ca\/soutien\/wp-json\/wp\/v2\/pages\/932\/revisions\/1460"}],"wp:attachment":[{"href":"https:\/\/revues.uqam.ca\/soutien\/wp-json\/wp\/v2\/media?parent=932"}],"wp:term":[{"taxonomy":"category","embeddable":true,"href":"https:\/\/revues.uqam.ca\/soutien\/wp-json\/wp\/v2\/categories?post=932"}],"curies":[{"name":"wp","href":"https:\/\/api.w.org\/{rel}","templated":true}]}}