{"id":876,"date":"2023-10-23T16:54:02","date_gmt":"2023-10-23T16:54:02","guid":{"rendered":"https:\/\/revues.dev.uqam.ca\/demo\/?page_id=876"},"modified":"2024-11-12T14:58:06","modified_gmt":"2024-11-12T14:58:06","slug":"soutien-pour-le-parametrage-et-lutilisation-de-la-plateforme","status":"publish","type":"page","link":"https:\/\/revues.uqam.ca\/soutien\/gestion-des-processus-editoriaux-avec-ojs\/soutien-pour-le-parametrage-et-lutilisation-de-la-plateforme\/","title":{"rendered":"Soutien pour le param\u00e9trage et l&rsquo;utilisation de la plateforme"},"content":{"rendered":"\n<p>T\u00e9l\u00e9chargez nos guides pratiques pour vous aider dans la gestion de votre revue dans Open Journal Systems (OJS). Le guide <em>Param\u00e9trage de la soumission<\/em> accompagne dans les \u00e9tapes de configuration de la soumission d&rsquo;articles, tandis que le guide <em>Param\u00e9trage de l&rsquo;\u00e9valuation<\/em> offre un soutien essentiel pour structurer le processus d\u2019\u00e9valuation. Acc\u00e9dez \u00e0 ces ressources en PDF pour optimiser l\u2019utilisation d\u2019OJS et faciliter le travail \u00e9ditorial.<\/p>\n\n\n\n<div data-wp-interactive=\"\" class=\"wp-block-file\"><object data-wp-bind--hidden=\"!selectors.core.file.hasPdfPreview\" hidden class=\"wp-block-file__embed\" data=\"https:\/\/revues.uqam.ca\/soutien\/wp-content\/uploads\/sites\/9\/2024\/11\/Parametrage-de-la-soumission-1.pdf\" type=\"application\/pdf\" style=\"width:100%;height:600px\" aria-label=\"Contenu incorpor\u00e9 Parametrage-de-la-soumission-1.\"><\/object><a id=\"wp-block-file--media-9fb229a7-fb65-44aa-9099-a4e99e4d15bd\" href=\"https:\/\/revues.uqam.ca\/soutien\/wp-content\/uploads\/sites\/9\/2024\/11\/Parametrage-de-la-soumission-1.pdf\">Parametrage-de-la-soumission-1<\/a><a href=\"https:\/\/revues.uqam.ca\/soutien\/wp-content\/uploads\/sites\/9\/2024\/11\/Parametrage-de-la-soumission-1.pdf\" class=\"wp-block-file__button wp-element-button\" download aria-describedby=\"wp-block-file--media-9fb229a7-fb65-44aa-9099-a4e99e4d15bd\">T\u00e9l\u00e9charger<\/a><\/div>\n\n\n\n<div data-wp-interactive=\"\" class=\"wp-block-file\"><object data-wp-bind--hidden=\"!selectors.core.file.hasPdfPreview\" hidden class=\"wp-block-file__embed\" data=\"https:\/\/revues.uqam.ca\/soutien\/wp-content\/uploads\/sites\/9\/2024\/11\/Parametrage-de-levaluation-1.pdf\" type=\"application\/pdf\" style=\"width:100%;height:600px\" aria-label=\"Contenu incorpor\u00e9 Parametrage-de-levaluation-1.\"><\/object><a id=\"wp-block-file--media-5ec3e014-0dee-4f57-806d-a7822b6a5152\" href=\"https:\/\/revues.uqam.ca\/soutien\/wp-content\/uploads\/sites\/9\/2024\/11\/Parametrage-de-levaluation-1.pdf\">Parametrage-de-levaluation-1<\/a><a href=\"https:\/\/revues.uqam.ca\/soutien\/wp-content\/uploads\/sites\/9\/2024\/11\/Parametrage-de-levaluation-1.pdf\" class=\"wp-block-file__button wp-element-button\" download aria-describedby=\"wp-block-file--media-5ec3e014-0dee-4f57-806d-a7822b6a5152\">T\u00e9l\u00e9charger<\/a><\/div>\n","protected":false},"excerpt":{"rendered":"<p>T\u00e9l\u00e9chargez nos guides pratiques pour vous aider dans la gestion de votre revue dans Open Journal Systems (OJS). Le guide Param\u00e9trage de la soumission accompagne dans les \u00e9tapes de configuration de la soumission d&rsquo;articles, tandis que le guide Param\u00e9trage de l&rsquo;\u00e9valuation offre un soutien essentiel pour structurer le processus d\u2019\u00e9valuation. Acc\u00e9dez \u00e0 ces ressources en [&hellip;]<\/p>\n","protected":false},"author":11,"featured_media":0,"parent":539,"menu_order":0,"comment_status":"closed","ping_status":"closed","template":"","meta":{"_acf_changed":false,"advgb_blocks_editor_width":"","advgb_blocks_columns_visual_guide":"","footnotes":""},"categories":[],"acf":[],"yoast_head":"<!-- This site is optimized with the Yoast SEO plugin v22.1 - https:\/\/yoast.com\/wordpress\/plugins\/seo\/ -->\n<title>Soutien pour le param\u00e9trage et l&#039;utilisation de la plateforme - Service de soutien aux revues<\/title>\n<meta name=\"robots\" content=\"index, follow, max-snippet:-1, max-image-preview:large, max-video-preview:-1\" \/>\n<link rel=\"canonical\" href=\"https:\/\/revues.uqam.ca\/soutien\/gestion-des-processus-editoriaux-avec-ojs\/soutien-pour-le-parametrage-et-lutilisation-de-la-plateforme\/\" \/>\n<meta property=\"og:locale\" content=\"fr_CA\" \/>\n<meta property=\"og:type\" content=\"article\" \/>\n<meta property=\"og:title\" content=\"Soutien pour le param\u00e9trage et l&#039;utilisation de la plateforme - Service de soutien aux revues\" \/>\n<meta property=\"og:description\" content=\"T\u00e9l\u00e9chargez nos guides pratiques pour vous aider dans la gestion de votre revue dans Open Journal Systems (OJS). Le guide Param\u00e9trage de la soumission accompagne dans les \u00e9tapes de configuration de la soumission d&rsquo;articles, tandis que le guide Param\u00e9trage de l&rsquo;\u00e9valuation offre un soutien essentiel pour structurer le processus d\u2019\u00e9valuation. Acc\u00e9dez \u00e0 ces ressources en [&hellip;]\" \/>\n<meta property=\"og:url\" content=\"https:\/\/revues.uqam.ca\/soutien\/gestion-des-processus-editoriaux-avec-ojs\/soutien-pour-le-parametrage-et-lutilisation-de-la-plateforme\/\" \/>\n<meta property=\"og:site_name\" content=\"Service de soutien aux revues\" \/>\n<meta property=\"article:modified_time\" content=\"2024-11-12T14:58:06+00:00\" \/>\n<meta name=\"twitter:card\" content=\"summary_large_image\" \/>\n<meta name=\"twitter:label1\" content=\"Estimation du temps de lecture\" \/>\n\t<meta name=\"twitter:data1\" content=\"1 minute\" \/>\n<script type=\"application\/ld+json\" class=\"yoast-schema-graph\">{\"@context\":\"https:\/\/schema.org\",\"@graph\":[{\"@type\":\"WebPage\",\"@id\":\"https:\/\/revues.uqam.ca\/soutien\/gestion-des-processus-editoriaux-avec-ojs\/soutien-pour-le-parametrage-et-lutilisation-de-la-plateforme\/\",\"url\":\"https:\/\/revues.uqam.ca\/soutien\/gestion-des-processus-editoriaux-avec-ojs\/soutien-pour-le-parametrage-et-lutilisation-de-la-plateforme\/\",\"name\":\"Soutien pour le param\u00e9trage et l'utilisation de la plateforme - Service de soutien aux revues\",\"isPartOf\":{\"@id\":\"https:\/\/revues.uqam.ca\/soutien\/#website\"},\"datePublished\":\"2023-10-23T16:54:02+00:00\",\"dateModified\":\"2024-11-12T14:58:06+00:00\",\"breadcrumb\":{\"@id\":\"https:\/\/revues.uqam.ca\/soutien\/gestion-des-processus-editoriaux-avec-ojs\/soutien-pour-le-parametrage-et-lutilisation-de-la-plateforme\/#breadcrumb\"},\"inLanguage\":\"fr-CA\",\"potentialAction\":[{\"@type\":\"ReadAction\",\"target\":[\"https:\/\/revues.uqam.ca\/soutien\/gestion-des-processus-editoriaux-avec-ojs\/soutien-pour-le-parametrage-et-lutilisation-de-la-plateforme\/\"]}]},{\"@type\":\"BreadcrumbList\",\"@id\":\"https:\/\/revues.uqam.ca\/soutien\/gestion-des-processus-editoriaux-avec-ojs\/soutien-pour-le-parametrage-et-lutilisation-de-la-plateforme\/#breadcrumb\",\"itemListElement\":[{\"@type\":\"ListItem\",\"position\":1,\"name\":\"UQAM\",\"item\":\"https:\/\/uqam.ca\"},{\"@type\":\"ListItem\",\"position\":2,\"name\":\"Service de soutien aux revues\",\"item\":\"https:\/\/revues.uqam.ca\/soutien\"},{\"@type\":\"ListItem\",\"position\":3,\"name\":\"Gestion des processus \u00e9ditoriaux avec OJS\",\"item\":\"https:\/\/revues.uqam.ca\/soutien\/gestion-des-processus-editoriaux-avec-ojs\/\"},{\"@type\":\"ListItem\",\"position\":4,\"name\":\"Soutien pour le param\u00e9trage et l&rsquo;utilisation de la plateforme\"}]},{\"@type\":\"WebSite\",\"@id\":\"https:\/\/revues.uqam.ca\/soutien\/#website\",\"url\":\"https:\/\/revues.uqam.ca\/soutien\/\",\"name\":\"Service de soutien aux revues\",\"description\":\"Un site utilisant Revues UQAM\",\"potentialAction\":[{\"@type\":\"SearchAction\",\"target\":{\"@type\":\"EntryPoint\",\"urlTemplate\":\"https:\/\/revues.uqam.ca\/soutien\/recherche\/?q={search_term_string}\"},\"query-input\":\"required name=search_term_string\"}],\"inLanguage\":\"fr-CA\"}]}<\/script>\n<!-- \/ Yoast SEO plugin. -->","yoast_head_json":{"title":"Soutien pour le param\u00e9trage et l'utilisation de la plateforme - Service de soutien aux revues","robots":{"index":"index","follow":"follow","max-snippet":"max-snippet:-1","max-image-preview":"max-image-preview:large","max-video-preview":"max-video-preview:-1"},"canonical":"https:\/\/revues.uqam.ca\/soutien\/gestion-des-processus-editoriaux-avec-ojs\/soutien-pour-le-parametrage-et-lutilisation-de-la-plateforme\/","og_locale":"fr_CA","og_type":"article","og_title":"Soutien pour le param\u00e9trage et l'utilisation de la plateforme - Service de soutien aux revues","og_description":"T\u00e9l\u00e9chargez nos guides pratiques pour vous aider dans la gestion de votre revue dans Open Journal Systems (OJS). Le guide Param\u00e9trage de la soumission accompagne dans les \u00e9tapes de configuration de la soumission d&rsquo;articles, tandis que le guide Param\u00e9trage de l&rsquo;\u00e9valuation offre un soutien essentiel pour structurer le processus d\u2019\u00e9valuation. Acc\u00e9dez \u00e0 ces ressources en [&hellip;]","og_url":"https:\/\/revues.uqam.ca\/soutien\/gestion-des-processus-editoriaux-avec-ojs\/soutien-pour-le-parametrage-et-lutilisation-de-la-plateforme\/","og_site_name":"Service de soutien aux revues","article_modified_time":"2024-11-12T14:58:06+00:00","twitter_card":"summary_large_image","twitter_misc":{"Estimation du temps de lecture":"1 minute"},"schema":{"@context":"https:\/\/schema.org","@graph":[{"@type":"WebPage","@id":"https:\/\/revues.uqam.ca\/soutien\/gestion-des-processus-editoriaux-avec-ojs\/soutien-pour-le-parametrage-et-lutilisation-de-la-plateforme\/","url":"https:\/\/revues.uqam.ca\/soutien\/gestion-des-processus-editoriaux-avec-ojs\/soutien-pour-le-parametrage-et-lutilisation-de-la-plateforme\/","name":"Soutien pour le param\u00e9trage et l'utilisation de la plateforme - Service de soutien aux revues","isPartOf":{"@id":"https:\/\/revues.uqam.ca\/soutien\/#website"},"datePublished":"2023-10-23T16:54:02+00:00","dateModified":"2024-11-12T14:58:06+00:00","breadcrumb":{"@id":"https:\/\/revues.uqam.ca\/soutien\/gestion-des-processus-editoriaux-avec-ojs\/soutien-pour-le-parametrage-et-lutilisation-de-la-plateforme\/#breadcrumb"},"inLanguage":"fr-CA","potentialAction":[{"@type":"ReadAction","target":["https:\/\/revues.uqam.ca\/soutien\/gestion-des-processus-editoriaux-avec-ojs\/soutien-pour-le-parametrage-et-lutilisation-de-la-plateforme\/"]}]},{"@type":"BreadcrumbList","@id":"https:\/\/revues.uqam.ca\/soutien\/gestion-des-processus-editoriaux-avec-ojs\/soutien-pour-le-parametrage-et-lutilisation-de-la-plateforme\/#breadcrumb","itemListElement":[{"@type":"ListItem","position":1,"name":"UQAM","item":"https:\/\/uqam.ca"},{"@type":"ListItem","position":2,"name":"Service de soutien aux revues","item":"https:\/\/revues.uqam.ca\/soutien"},{"@type":"ListItem","position":3,"name":"Gestion des processus \u00e9ditoriaux avec OJS","item":"https:\/\/revues.uqam.ca\/soutien\/gestion-des-processus-editoriaux-avec-ojs\/"},{"@type":"ListItem","position":4,"name":"Soutien pour le param\u00e9trage et l&rsquo;utilisation de la plateforme"}]},{"@type":"WebSite","@id":"https:\/\/revues.uqam.ca\/soutien\/#website","url":"https:\/\/revues.uqam.ca\/soutien\/","name":"Service de soutien aux revues","description":"Un site utilisant Revues UQAM","potentialAction":[{"@type":"SearchAction","target":{"@type":"EntryPoint","urlTemplate":"https:\/\/revues.uqam.ca\/soutien\/recherche\/?q={search_term_string}"},"query-input":"required name=search_term_string"}],"inLanguage":"fr-CA"}]}},"coauthors":[],"author_meta":{"author_link":"https:\/\/revues.uqam.ca\/soutien\/author\/godina\/","display_name":"Alexandre Godin"},"relative_dates":{"created":"Posted 2 ann\u00e9es ago","modified":"Updated 1 ann\u00e9e ago"},"absolute_dates":{"created":"Posted on 23 octobre 2023","modified":"Updated on 12 novembre 2024"},"absolute_dates_time":{"created":"Posted on 23 octobre 2023 16 h 54 min","modified":"Updated on 12 novembre 2024 14 h 58 min"},"featured_img_caption":"","featured_img":false,"series_order":"","_links":{"self":[{"href":"https:\/\/revues.uqam.ca\/soutien\/wp-json\/wp\/v2\/pages\/876"}],"collection":[{"href":"https:\/\/revues.uqam.ca\/soutien\/wp-json\/wp\/v2\/pages"}],"about":[{"href":"https:\/\/revues.uqam.ca\/soutien\/wp-json\/wp\/v2\/types\/page"}],"author":[{"embeddable":true,"href":"https:\/\/revues.uqam.ca\/soutien\/wp-json\/wp\/v2\/users\/11"}],"replies":[{"embeddable":true,"href":"https:\/\/revues.uqam.ca\/soutien\/wp-json\/wp\/v2\/comments?post=876"}],"version-history":[{"count":5,"href":"https:\/\/revues.uqam.ca\/soutien\/wp-json\/wp\/v2\/pages\/876\/revisions"}],"predecessor-version":[{"id":1392,"href":"https:\/\/revues.uqam.ca\/soutien\/wp-json\/wp\/v2\/pages\/876\/revisions\/1392"}],"up":[{"embeddable":true,"href":"https:\/\/revues.uqam.ca\/soutien\/wp-json\/wp\/v2\/pages\/539"}],"wp:attachment":[{"href":"https:\/\/revues.uqam.ca\/soutien\/wp-json\/wp\/v2\/media?parent=876"}],"wp:term":[{"taxonomy":"category","embeddable":true,"href":"https:\/\/revues.uqam.ca\/soutien\/wp-json\/wp\/v2\/categories?post=876"}],"curies":[{"name":"wp","href":"https:\/\/api.w.org\/{rel}","templated":true}]}}