{"id":1017,"date":"2023-10-25T22:45:14","date_gmt":"2023-10-25T22:45:14","guid":{"rendered":"https:\/\/revues.dev.uqam.ca\/demo\/?page_id=1017"},"modified":"2024-10-22T18:29:45","modified_gmt":"2024-10-22T18:29:45","slug":"liste-de-controle","status":"publish","type":"page","link":"https:\/\/revues.uqam.ca\/soutien\/mise-en-place\/liste-de-controle\/","title":{"rendered":"Liste de contr\u00f4le"},"content":{"rendered":"\n<table class=\"wp-block-advgb-table advgb-table-frontend\"><tbody><tr><td style=\"vertical-align:top;border-top-color:#000;border-right-color:#000;border-bottom-color:#000;border-left-color:#000;border-width:1px\"><strong>Champ d&rsquo;application, objectifs et orientation<\/strong><\/td><td style=\"vertical-align:top;text-align:left;border-top-color:#000;border-right-color:#000;border-bottom-color:#000;border-left-color:#000;border-width:1px\">D\u00e9finissez clairement ce que vous souhaitez r\u00e9aliser avec la revue, entenant compte des communaut\u00e9s cibles, de l&rsquo;orientation g\u00e9ographique (le cas \u00e9ch\u00e9ant) ainsi que des incidences politiques et socio-\u00e9conomiques potentielles.<\/td><\/tr><tr><td style=\"vertical-align:top;border-top-color:#000;border-right-color:#000;border-bottom-color:#000;border-left-color:#000;border-width:1px\"><strong>Titre<\/strong><\/td><td style=\"border-top-color:#000;border-right-color:#000;border-bottom-color:#000;border-left-color:#000;border-width:1px\">Choisissez un nom pour la revue et v\u00e9rifiez le registre ISSN pour vous assurer que vous ne choisissez pas un titre d\u00e9j\u00e0 utilis\u00e9 ou trop proche d&rsquo;un titre existant. Vous devez choisir un titre accrocheur qui englobe les principaux sujets que la revue publiera. Dans ce contexte, envisagez \u00e9galement une abr\u00e9viation appropri\u00e9e pour le nom de la revue.<\/td><\/tr><tr><td style=\"vertical-align:top;border-top-color:#000;border-right-color:#000;border-bottom-color:#000;border-left-color:#000;border-width:1px\"><strong>\u00c9quipe \u00e9ditoriale et conseil d&rsquo;administration<\/strong><\/td><td style=\"border-top-color:#000;border-right-color:#000;border-bottom-color:#000;border-left-color:#000;border-width:1px\">Constituez une \u00e9quipe \u00e9ditoriale et une structure de gouvernance, en d\u00e9finissant clairement les r\u00f4les et les responsabilit\u00e9s. Choisissez un conseil d&rsquo;administration capable d&rsquo;am\u00e9liorer le profil et la port\u00e9e de la revue.<\/td><\/tr><tr><td style=\"vertical-align:top;border-top-color:#000;border-right-color:#000;border-bottom-color:#000;border-left-color:#000;border-width:1px\"><strong>ISSN<\/strong><\/td><td style=\"border-top-color:#000;border-right-color:#000;border-bottom-color:#000;border-left-color:#000;border-width:1px\">Un ISSN est un code d&rsquo;identification unique li\u00e9 \u00e0 votre revue et \u00e0 son titre. Vous aurez besoin d&rsquo;un ISSN par format, c&rsquo;est-\u00e0-dire un pour les copies imprim\u00e9es et un autre pour les copies num\u00e9riques. Si vous changez de titre ult\u00e9rieurement, vous devrez demander un nouvel ISSN.<br><br>Obtenez un ISSN via le service <a href=\"https:\/\/www.bac-lac.gc.ca\/fra\/services\/issn-canada\/Pages\/issn-canada.aspx\">ISSN Canada<\/a>, depuis le site web de Biblioth\u00e8ques et Archives Canada, o\u00f9 vous trouverez toutes les informations n\u00e9cessaires. <br><br>\u00c0 signaler : <ul> <li>Ce service est gratuit.<\/li> <li>N\u00e9cessite de remplir le <a href=\"https:\/\/www.bac-lac.gc.ca\/fra\/services\/issn-canada\/Pages\/formulaire-confirmation-ISSN.aspx\" target=\"_blank\" rel=\"noreferrer noopener\">formulaire de demande en ligne<\/a>.<\/li> <li>Le traitement d\u2019une demande d\u2019ISSN prend jusqu\u2019\u00e0 10 jours ouvrables.<\/li> <\/ul>ISSN Canada doit voir une maquette ou une \u00e9dition publi\u00e9e d\u2019une publication avant de pouvoir lui attribuer un num\u00e9ro ISSN. Cela implique qu&rsquo;une revue en d\u00e9marrage peut faire une demande d&rsquo;ISSN d\u00e8s qu&rsquo;elle est capable de fournir une maquette de sa premi\u00e8re publication \u00e0 para\u00eetre. Une maquette est l&rsquo;\u00e9preuve finale d&rsquo;une publication \u00e0 para\u00eetre et doit contenir l&rsquo;information pertinente sans n\u00e9cessairement comprendre le graphisme final. <br><br>Une maquette doit contenir :  <ul> <li>Une page contenant le titre de la publication en s\u00e9rie (ex. : la couverture, la page de titre, l\u2019\u00e9cran-titre, le menu principal).<\/li> <li>Une page affichant le nom de l\u2019\u00e9diteur et le lieu de publication (ex. : le g\u00e9n\u00e9rique, \u00ab Notre mission \u00bb, \u00ab Contactez-nous \u00bb).<\/li> <li>Le contenu de la publication (ex. : des articles).<\/li> <\/ul>Les lecteurs peuvent v\u00e9rifier l&rsquo;enregistrement d&rsquo;un ISSN sur le site&nbsp;<a href=\"https:\/\/portal.issn.org\/\" target=\"_blank\" rel=\"noreferrer noopener\">Portail ISSN<\/a>. Vous doterez ainsi votre revue d&rsquo;un premier niveau de validation de son caract\u00e8re l\u00e9gitime.<\/td><\/tr><tr><td style=\"vertical-align:top;border-top-color:#000;border-right-color:#000;border-bottom-color:#000;border-left-color:#000;border-width:1px\"><strong>Agence d&rsquo;enregistrement des DOI<\/strong><\/td><td style=\"border-top-color:#000;border-right-color:#000;border-bottom-color:#000;border-left-color:#000;border-width:1px\">Les identificateurs d&rsquo;objets num\u00e9riques (DOI) sont attribu\u00e9s \u00e0 chaque \u00e9l\u00e9ment de contenu d&rsquo;une revue, ainsi qu&rsquo;aux num\u00e9ros de la revue elle-m\u00eame. Les DOI peuvent \u00eatre obtenus aupr\u00e8s de diff\u00e9rentes agences, Crossref les fournissant pour de nombreux \u00e9diteurs \u00e0 travers le monde.<\/td><\/tr><tr><td style=\"vertical-align:top;border-top-color:#000;border-right-color:#000;border-bottom-color:#000;border-left-color:#000;border-width:1px\"><strong>Types de contenu<\/strong><\/td><td style=\"border-top-color:#000;border-right-color:#000;border-bottom-color:#000;border-left-color:#000;border-width:1px\">D\u00e9terminez le type de contenu que la revue doit accepter, et \u00e9tablissez une liste claire qui correspond aux attentes de la discipline.<\/td><\/tr><tr><td style=\"vertical-align:top;border-top-color:#000;border-right-color:#000;border-bottom-color:#000;border-left-color:#000;border-width:1px\"><strong>Fr\u00e9quence de publication et num\u00e9ros de la revue<\/strong><\/td><td style=\"border-top-color:#000;border-right-color:#000;border-bottom-color:#000;border-left-color:#000;border-width:1px\">Prenez une d\u00e9cision concernant la publication de num\u00e9ros traditionnels ou l&rsquo;adoption d&rsquo;un mod\u00e8le de publication continue. Si vous optez pour la publication par num\u00e9ros, d\u00e9terminez la fr\u00e9quence de publication de la revue. &nbsp;<\/td><\/tr><tr><td style=\"vertical-align:top;border-top-color:#000;border-right-color:#000;border-bottom-color:#000;border-left-color:#000;border-width:1px\"><strong>Site web<\/strong><\/td><td style=\"border-top-color:#000;border-right-color:#000;border-bottom-color:#000;border-left-color:#000;border-width:1px\">Trouvez une plateforme d&rsquo;h\u00e9bergement de site web qui vous convienne. Choisissez un nom de domaine de mani\u00e8re \u00e0 ce que l&rsquo;URL de la revue soit simple et comprenne le titre ou l&rsquo;acronyme de la revue. Consid\u00e9rez la possibilit\u00e9 de cr\u00e9er une identit\u00e9 de marque distincte pour aider la revue \u00e0 se d\u00e9marquer. Utilisez cette marque sur le site web et sur les couvertures des revues.<\/td><\/tr><tr><td style=\"vertical-align:top;border-top-color:#000;border-right-color:#000;border-bottom-color:#000;border-left-color:#000;border-width:1px\"><strong>Syst\u00e8me de gestion \u00e9ditoriale<\/strong><\/td><td style=\"border-top-color:#000;border-right-color:#000;border-bottom-color:#000;border-left-color:#000;border-width:1px\">D\u00e9cidez de la mani\u00e8re dont vous allez g\u00e9rer les soumissions et l&rsquo;\u00e9valuation par les pairs, ainsi que les processus de r\u00e9vision et de composition. Les logiciels libres, tels que Open Journal Systems (OJS), sont souvent utilis\u00e9s pour publier des revues en acc\u00e8s ouvert.<\/td><\/tr><tr><td style=\"vertical-align:top;border-top-color:#000;border-right-color:#000;border-bottom-color:#000;border-left-color:#000;border-width:1px\"><strong>Politiques<\/strong><\/td><td style=\"border-top-color:#000;border-right-color:#000;border-bottom-color:#000;border-left-color:#000;border-width:1px\">Mettez en place des politiques \u00e9ditoriales et des lignes directrices destin\u00e9es aux auteurs avant le lancement. La transparence est essentielle, et les politiques doivent inclure des informations sur le processus de soumission et d&rsquo;examen par les pairs, une politique de conservation num\u00e9rique et une d\u00e9claration d&rsquo;\u00e9thique de la publication.<\/td><\/tr><tr><td style=\"vertical-align:top;border-top-color:#000;border-right-color:#000;border-bottom-color:#000;border-left-color:#000;border-width:1px\"><strong>Types de licences<\/strong><\/td><td style=\"border-top-color:#000;border-right-color:#000;border-bottom-color:#000;border-left-color:#000;border-width:1px\">Les articles en acc\u00e8s ouvert sont souvent assortis d&rsquo;une licence Creative Commons Attribution (CC-BY). D\u00e9terminez quelle(s) licence(s) votre revue prendra en compte et indiquez-le clairement sur le site web afin que les auteurs soient au courant des conditions de publication.<\/td><\/tr><tr><td style=\"vertical-align:top;border-top-color:#000;border-right-color:#000;border-bottom-color:#000;border-left-color:#000;border-width:1px\"><strong>Accords avec les auteurs<\/strong><\/td><td style=\"border-top-color:#000;border-right-color:#000;border-bottom-color:#000;border-left-color:#000;border-width:1px\">D\u00e9terminez si des conditions suppl\u00e9mentaires doivent \u00eatre appliqu\u00e9es aux publications et, le cas \u00e9ch\u00e9ant, \u00e9tablissez un accord avec les auteurs. En utilisant une licence CC-BY et en mettant en place une politique claire en mati\u00e8re d\u2019acc\u00e8s ouvert, les revues n&rsquo;ont g\u00e9n\u00e9ralement pas besoin d&rsquo;un accord formel \u00e0 signer par les auteurs.<\/td><\/tr><tr><td style=\"vertical-align:top;border-top-color:#000;border-right-color:#000;border-bottom-color:#000;border-left-color:#000;border-width:1px\"><strong>Marketing et promotion<\/strong><\/td><td style=\"border-top-color:#000;border-right-color:#000;border-bottom-color:#000;border-left-color:#000;border-width:1px\">Identifiez les activit\u00e9s de marketing appropri\u00e9es avant le lancement de la revue, en ciblant les lecteurs et les auteurs. Vous pouvez envisager des propositions de pr\u00e9sentation \u00e0 des conf\u00e9rences, des profils de r\u00e9seaux sociaux, des listes et des campagnes de diffusion, des articles de blog et du marketing interne (en particulier pour les \u00e9diteurs bas\u00e9s dans des biblioth\u00e8ques).<\/td><\/tr><tr><td style=\"vertical-align:top;border-top-color:#000;border-right-color:#000;border-bottom-color:#000;border-left-color:#000;border-width:1px\"><strong>Archivage et conservation<\/strong><\/td><td style=\"border-top-color:#000;border-right-color:#000;border-bottom-color:#000;border-left-color:#000;border-width:1px\">Cr\u00e9ez une strat\u00e9gie de sauvegarde et de conservation. Vous pouvez envisager de faire appel \u00e0 des fournisseurs de services de pr\u00e9servation externes, tels que CLOCKSS, LOCKSS, le r\u00e9seau de pr\u00e9servation PKP ou le projet JASPER.<\/td><\/tr><tr><td style=\"vertical-align:top;border-top-color:#000;border-right-color:#000;border-bottom-color:#000;border-left-color:#000;border-width:1px\"><strong>Indexation<\/strong><\/td><td style=\"border-top-color:#000;border-right-color:#000;border-bottom-color:#000;border-left-color:#000;border-width:1px\">Une fois que vous avez le contenu, commencez \u00e0 soumettre la revue \u00e0 l&rsquo;examen des bases de donn\u00e9es d&rsquo;indexation. Cela permet d&rsquo;augmenter sa visibilit\u00e9 et sa d\u00e9couvrabilit\u00e9. Veillez \u00e0 ne soumettre vos articles qu&rsquo;\u00e0 des bases de donn\u00e9es en rapport avec le sujet de la revue et prenez toujours le temps de lire les directives de soumission. Pensez \u00e9galement \u00e0 soumettre votre revue au Directory of Open Access Journals (DOAJ).<\/td><\/tr><tr><td style=\"vertical-align:top;border-top-color:#000;border-right-color:#000;border-bottom-color:#000;border-left-color:#000;border-width:1px\"><strong>Mod\u00e8les d&rsquo;entreprise<\/strong><\/td><td style=\"border-top-color:#000;border-right-color:#000;border-bottom-color:#000;border-left-color:#000;border-width:2px\">R\u00e9fl\u00e9chissez \u00e0 la mani\u00e8re dont vous pouvez atteindre la viabilit\u00e9 op\u00e9rationnelle et financi\u00e8re au fil du temps. Il est courant de b\u00e9n\u00e9ficier d&rsquo;un financement de d\u00e9marrage ou de d\u00e9velopper une revue gr\u00e2ce au b\u00e9n\u00e9volat, mais ces options seront de moins en moins envisageables au fur et \u00e0 mesure que la revue se d\u00e9veloppe.<\/td><\/tr><\/tbody><\/table>\n","protected":false},"excerpt":{"rendered":"","protected":false},"author":11,"featured_media":0,"parent":1014,"menu_order":0,"comment_status":"closed","ping_status":"closed","template":"","meta":{"_acf_changed":false,"advgb_blocks_editor_width":"","advgb_blocks_columns_visual_guide":"","footnotes":""},"categories":[],"acf":[],"yoast_head":"<!-- This site is optimized with the Yoast SEO plugin v22.1 - https:\/\/yoast.com\/wordpress\/plugins\/seo\/ -->\n<title>Liste de contr\u00f4le - Service de soutien aux revues<\/title>\n<meta name=\"robots\" content=\"index, follow, max-snippet:-1, max-image-preview:large, max-video-preview:-1\" \/>\n<link rel=\"canonical\" href=\"https:\/\/revues.uqam.ca\/soutien\/mise-en-place\/liste-de-controle\/\" \/>\n<meta property=\"og:locale\" content=\"fr_CA\" \/>\n<meta property=\"og:type\" content=\"article\" \/>\n<meta property=\"og:title\" content=\"Liste de contr\u00f4le - Service de soutien aux revues\" \/>\n<meta property=\"og:url\" content=\"https:\/\/revues.uqam.ca\/soutien\/mise-en-place\/liste-de-controle\/\" \/>\n<meta property=\"og:site_name\" content=\"Service de soutien aux revues\" \/>\n<meta property=\"article:modified_time\" content=\"2024-10-22T18:29:45+00:00\" \/>\n<meta name=\"twitter:card\" content=\"summary_large_image\" \/>\n<meta name=\"twitter:label1\" content=\"Estimation du temps de lecture\" \/>\n\t<meta name=\"twitter:data1\" content=\"5 minutes\" \/>\n<script type=\"application\/ld+json\" class=\"yoast-schema-graph\">{\"@context\":\"https:\/\/schema.org\",\"@graph\":[{\"@type\":\"WebPage\",\"@id\":\"https:\/\/revues.uqam.ca\/soutien\/mise-en-place\/liste-de-controle\/\",\"url\":\"https:\/\/revues.uqam.ca\/soutien\/mise-en-place\/liste-de-controle\/\",\"name\":\"Liste de contr\u00f4le - Service de soutien aux revues\",\"isPartOf\":{\"@id\":\"https:\/\/revues.uqam.ca\/soutien\/#website\"},\"datePublished\":\"2023-10-25T22:45:14+00:00\",\"dateModified\":\"2024-10-22T18:29:45+00:00\",\"breadcrumb\":{\"@id\":\"https:\/\/revues.uqam.ca\/soutien\/mise-en-place\/liste-de-controle\/#breadcrumb\"},\"inLanguage\":\"fr-CA\",\"potentialAction\":[{\"@type\":\"ReadAction\",\"target\":[\"https:\/\/revues.uqam.ca\/soutien\/mise-en-place\/liste-de-controle\/\"]}]},{\"@type\":\"BreadcrumbList\",\"@id\":\"https:\/\/revues.uqam.ca\/soutien\/mise-en-place\/liste-de-controle\/#breadcrumb\",\"itemListElement\":[{\"@type\":\"ListItem\",\"position\":1,\"name\":\"UQAM\",\"item\":\"https:\/\/uqam.ca\"},{\"@type\":\"ListItem\",\"position\":2,\"name\":\"Service de soutien aux revues\",\"item\":\"https:\/\/revues.uqam.ca\/soutien\"},{\"@type\":\"ListItem\",\"position\":3,\"name\":\"D\u00e9marrage de la revue\",\"item\":\"https:\/\/revues.uqam.ca\/soutien\/mise-en-place\/\"},{\"@type\":\"ListItem\",\"position\":4,\"name\":\"Liste de contr\u00f4le\"}]},{\"@type\":\"WebSite\",\"@id\":\"https:\/\/revues.uqam.ca\/soutien\/#website\",\"url\":\"https:\/\/revues.uqam.ca\/soutien\/\",\"name\":\"Service de soutien aux revues\",\"description\":\"Un site utilisant Revues UQAM\",\"potentialAction\":[{\"@type\":\"SearchAction\",\"target\":{\"@type\":\"EntryPoint\",\"urlTemplate\":\"https:\/\/revues.uqam.ca\/soutien\/recherche\/?q={search_term_string}\"},\"query-input\":\"required name=search_term_string\"}],\"inLanguage\":\"fr-CA\"}]}<\/script>\n<!-- \/ Yoast SEO plugin. -->","yoast_head_json":{"title":"Liste de contr\u00f4le - Service de soutien aux revues","robots":{"index":"index","follow":"follow","max-snippet":"max-snippet:-1","max-image-preview":"max-image-preview:large","max-video-preview":"max-video-preview:-1"},"canonical":"https:\/\/revues.uqam.ca\/soutien\/mise-en-place\/liste-de-controle\/","og_locale":"fr_CA","og_type":"article","og_title":"Liste de contr\u00f4le - Service de soutien aux revues","og_url":"https:\/\/revues.uqam.ca\/soutien\/mise-en-place\/liste-de-controle\/","og_site_name":"Service de soutien aux revues","article_modified_time":"2024-10-22T18:29:45+00:00","twitter_card":"summary_large_image","twitter_misc":{"Estimation du temps de lecture":"5 minutes"},"schema":{"@context":"https:\/\/schema.org","@graph":[{"@type":"WebPage","@id":"https:\/\/revues.uqam.ca\/soutien\/mise-en-place\/liste-de-controle\/","url":"https:\/\/revues.uqam.ca\/soutien\/mise-en-place\/liste-de-controle\/","name":"Liste de contr\u00f4le - Service de soutien aux revues","isPartOf":{"@id":"https:\/\/revues.uqam.ca\/soutien\/#website"},"datePublished":"2023-10-25T22:45:14+00:00","dateModified":"2024-10-22T18:29:45+00:00","breadcrumb":{"@id":"https:\/\/revues.uqam.ca\/soutien\/mise-en-place\/liste-de-controle\/#breadcrumb"},"inLanguage":"fr-CA","potentialAction":[{"@type":"ReadAction","target":["https:\/\/revues.uqam.ca\/soutien\/mise-en-place\/liste-de-controle\/"]}]},{"@type":"BreadcrumbList","@id":"https:\/\/revues.uqam.ca\/soutien\/mise-en-place\/liste-de-controle\/#breadcrumb","itemListElement":[{"@type":"ListItem","position":1,"name":"UQAM","item":"https:\/\/uqam.ca"},{"@type":"ListItem","position":2,"name":"Service de soutien aux revues","item":"https:\/\/revues.uqam.ca\/soutien"},{"@type":"ListItem","position":3,"name":"D\u00e9marrage de la revue","item":"https:\/\/revues.uqam.ca\/soutien\/mise-en-place\/"},{"@type":"ListItem","position":4,"name":"Liste de contr\u00f4le"}]},{"@type":"WebSite","@id":"https:\/\/revues.uqam.ca\/soutien\/#website","url":"https:\/\/revues.uqam.ca\/soutien\/","name":"Service de soutien aux revues","description":"Un site utilisant Revues UQAM","potentialAction":[{"@type":"SearchAction","target":{"@type":"EntryPoint","urlTemplate":"https:\/\/revues.uqam.ca\/soutien\/recherche\/?q={search_term_string}"},"query-input":"required name=search_term_string"}],"inLanguage":"fr-CA"}]}},"coauthors":[],"author_meta":{"author_link":"https:\/\/revues.uqam.ca\/soutien\/author\/godina\/","display_name":"Alexandre Godin"},"relative_dates":{"created":"Posted 2 ann\u00e9es ago","modified":"Updated 1 ann\u00e9e ago"},"absolute_dates":{"created":"Posted on 25 octobre 2023","modified":"Updated on 22 octobre 2024"},"absolute_dates_time":{"created":"Posted on 25 octobre 2023 22 h 45 min","modified":"Updated on 22 octobre 2024 18 h 29 min"},"featured_img_caption":"","featured_img":false,"series_order":"","_links":{"self":[{"href":"https:\/\/revues.uqam.ca\/soutien\/wp-json\/wp\/v2\/pages\/1017"}],"collection":[{"href":"https:\/\/revues.uqam.ca\/soutien\/wp-json\/wp\/v2\/pages"}],"about":[{"href":"https:\/\/revues.uqam.ca\/soutien\/wp-json\/wp\/v2\/types\/page"}],"author":[{"embeddable":true,"href":"https:\/\/revues.uqam.ca\/soutien\/wp-json\/wp\/v2\/users\/11"}],"replies":[{"embeddable":true,"href":"https:\/\/revues.uqam.ca\/soutien\/wp-json\/wp\/v2\/comments?post=1017"}],"version-history":[{"count":21,"href":"https:\/\/revues.uqam.ca\/soutien\/wp-json\/wp\/v2\/pages\/1017\/revisions"}],"predecessor-version":[{"id":1227,"href":"https:\/\/revues.uqam.ca\/soutien\/wp-json\/wp\/v2\/pages\/1017\/revisions\/1227"}],"up":[{"embeddable":true,"href":"https:\/\/revues.uqam.ca\/soutien\/wp-json\/wp\/v2\/pages\/1014"}],"wp:attachment":[{"href":"https:\/\/revues.uqam.ca\/soutien\/wp-json\/wp\/v2\/media?parent=1017"}],"wp:term":[{"taxonomy":"category","embeddable":true,"href":"https:\/\/revues.uqam.ca\/soutien\/wp-json\/wp\/v2\/categories?post=1017"}],"curies":[{"name":"wp","href":"https:\/\/api.w.org\/{rel}","templated":true}]}}