{"id":84,"date":"2023-01-16T15:28:20","date_gmt":"2023-01-16T20:28:20","guid":{"rendered":"https:\/\/revues.dev.uqam.ca\/iref\/?page_id=84"},"modified":"2026-03-05T08:09:11","modified_gmt":"2026-03-05T13:09:11","slug":"evaluation-par-les-pairs","status":"publish","type":"page","link":"https:\/\/revues.uqam.ca\/prefix\/a-propos\/politique-editoriale\/evaluation-par-les-pairs\/","title":{"rendered":"\u00c9valuation par les pairs"},"content":{"rendered":"\n<p>L\u2019IREF veille \u00e0 la qualit\u00e9 des contenus publi\u00e9s sur sa plateforme\u00a0<strong>en collaborant avec des\u00a0chercheureuses, des personnes \u00e9tudiantes et des partenaires reconnus dans leur communaut\u00e9 notamment par leur parcours acad\u00e9mique, professionnel ou exp\u00e9rientiel<\/strong>. Le processus de r\u00e9vision est ouvert et collaboratif, c\u2019est-\u00e0-dire que les identit\u00e9s des\u00a0auteurices\u00a0et des\u00a0\u00e9valuateurices\u00a0sont connues et que les\u00a0\u00e9valuateurices\u00a0peuvent travailler ensemble ou avec les\u00a0auteurices\u00a0dans la r\u00e9vision du manuscrit.\u00a0Pour assurer un processus structur\u00e9, bienveillant et rigoureux, les personnes\u00a0\u00e9valuatrices\u00a0disposent de lignes directrices pour valider la qualit\u00e9 des contenus qu\u2019elles examineront.\u00a0Le comit\u00e9 scientifique veille \u00e0 l\u2019int\u00e9grit\u00e9 de la conduite du processus de r\u00e9vision et agit \u00e0 titre de personne-ressource. La direction de publication peut donc se tourner vers le comit\u00e9 scientifique pour recevoir des conseils.\u202f\u00a0Toutes\u00a0les personnes\u00a0qui travaillent \u00e0 la direction ou \u00e0 l\u2019\u00e9dition d\u2019un num\u00e9ro ou d\u2019un article\u00a0doivent\u00a0donc d\u00e9clarer tout conflit d\u2019int\u00e9r\u00eat avec le projet de publication en cours d\u2019\u00e9tude afin que les travaux du comit\u00e9 n\u2019en soient pas affect\u00e9s.\u00a0\u00a0\u00a0<\/p>\n\n\n\n<h3 class=\"wp-block-heading\">Voici les \u00e9l\u00e9ments  du formulaire d&rsquo;\u00e9valuation utilis\u00e9 dans la plateforme de r\u00e9vision<\/h3>\n\n\n\n<p><\/p>\n\n\n\n<div data-wp-interactive=\"core\/file\" class=\"wp-block-file\"><object data-wp-bind--hidden=\"!state.hasPdfPreview\" hidden class=\"wp-block-file__embed\" data=\"https:\/\/revues.uqam.ca\/prefix\/wp-content\/uploads\/sites\/4\/2025\/07\/Evaluation-Prefix.pdf\" type=\"application\/pdf\" style=\"width:100%;height:600px\" aria-label=\"Contenu incorpor\u00e9 Evaluation-Prefix.\"><\/object><a id=\"wp-block-file--media-2f3d48d0-76e2-4c98-bf01-9a7580bb5fc1\" href=\"https:\/\/revues.uqam.ca\/prefix\/wp-content\/uploads\/sites\/4\/2025\/07\/Evaluation-Prefix.pdf\">Evaluation-Prefix<\/a><a href=\"https:\/\/revues.uqam.ca\/prefix\/wp-content\/uploads\/sites\/4\/2025\/07\/Evaluation-Prefix.pdf\" class=\"wp-block-file__button wp-element-button\" download aria-describedby=\"wp-block-file--media-2f3d48d0-76e2-4c98-bf01-9a7580bb5fc1\">T\u00e9l\u00e9charger<\/a><\/div>\n","protected":false},"excerpt":{"rendered":"<p>L\u2019IREF veille \u00e0 la qualit\u00e9 des contenus publi\u00e9s sur sa plateforme\u00a0en collaborant avec des\u00a0chercheureuses, des personnes \u00e9tudiantes et des partenaires reconnus dans leur communaut\u00e9 notamment par leur parcours acad\u00e9mique, professionnel ou exp\u00e9rientiel. Le processus de r\u00e9vision est ouvert et collaboratif, c\u2019est-\u00e0-dire que les identit\u00e9s des\u00a0auteurices\u00a0et des\u00a0\u00e9valuateurices\u00a0sont connues et que les\u00a0\u00e9valuateurices\u00a0peuvent travailler ensemble ou avec les\u00a0auteurices\u00a0dans [&hellip;]<\/p>\n","protected":false},"author":17,"featured_media":0,"parent":15,"menu_order":3,"comment_status":"closed","ping_status":"closed","template":"","meta":{"_acf_changed":false,"advgb_blocks_editor_width":"","advgb_blocks_columns_visual_guide":"","footnotes":""},"categories":[],"class_list":["post-84","page","type-page","status-publish","hentry"],"acf":[],"yoast_head":"<!-- This site is optimized with the Yoast SEO plugin v22.1 - https:\/\/yoast.com\/wordpress\/plugins\/seo\/ -->\n<title>\u00c9valuation par les pairs | PR\u00c9FIX<\/title>\n<meta name=\"robots\" content=\"index, follow, max-snippet:-1, max-image-preview:large, max-video-preview:-1\" \/>\n<link rel=\"canonical\" href=\"https:\/\/revues.uqam.ca\/prefix\/a-propos\/politique-editoriale\/evaluation-par-les-pairs\/\" \/>\n<meta property=\"og:locale\" content=\"fr_CA\" \/>\n<meta property=\"og:type\" content=\"article\" \/>\n<meta property=\"og:title\" content=\"\u00c9valuation par les pairs | PR\u00c9FIX\" \/>\n<meta property=\"og:description\" content=\"L\u2019IREF veille \u00e0 la qualit\u00e9 des contenus publi\u00e9s sur sa plateforme\u00a0en collaborant avec des\u00a0chercheureuses, des personnes \u00e9tudiantes et des partenaires reconnus dans leur communaut\u00e9 notamment par leur parcours acad\u00e9mique, professionnel ou exp\u00e9rientiel. Le processus de r\u00e9vision est ouvert et collaboratif, c\u2019est-\u00e0-dire que les identit\u00e9s des\u00a0auteurices\u00a0et des\u00a0\u00e9valuateurices\u00a0sont connues et que les\u00a0\u00e9valuateurices\u00a0peuvent travailler ensemble ou avec les\u00a0auteurices\u00a0dans [&hellip;]\" \/>\n<meta property=\"og:url\" content=\"https:\/\/revues.uqam.ca\/prefix\/a-propos\/politique-editoriale\/evaluation-par-les-pairs\/\" \/>\n<meta property=\"og:site_name\" content=\"PR\u00c9FIX\" \/>\n<meta property=\"article:modified_time\" content=\"2026-03-05T13:09:11+00:00\" \/>\n<meta name=\"twitter:card\" content=\"summary_large_image\" \/>\n<meta name=\"twitter:label1\" content=\"Estimation du temps de lecture\" \/>\n\t<meta name=\"twitter:data1\" content=\"1 minute\" \/>\n<script type=\"application\/ld+json\" class=\"yoast-schema-graph\">{\"@context\":\"https:\/\/schema.org\",\"@graph\":[{\"@type\":\"WebPage\",\"@id\":\"https:\/\/revues.uqam.ca\/prefix\/a-propos\/politique-editoriale\/evaluation-par-les-pairs\/\",\"url\":\"https:\/\/revues.uqam.ca\/prefix\/a-propos\/politique-editoriale\/evaluation-par-les-pairs\/\",\"name\":\"\u00c9valuation par les pairs | PR\u00c9FIX\",\"isPartOf\":{\"@id\":\"https:\/\/revues.uqam.ca\/prefix\/#website\"},\"datePublished\":\"2023-01-16T20:28:20+00:00\",\"dateModified\":\"2026-03-05T13:09:11+00:00\",\"breadcrumb\":{\"@id\":\"https:\/\/revues.uqam.ca\/prefix\/a-propos\/politique-editoriale\/evaluation-par-les-pairs\/#breadcrumb\"},\"inLanguage\":\"fr-CA\",\"potentialAction\":[{\"@type\":\"ReadAction\",\"target\":[\"https:\/\/revues.uqam.ca\/prefix\/a-propos\/politique-editoriale\/evaluation-par-les-pairs\/\"]}]},{\"@type\":\"BreadcrumbList\",\"@id\":\"https:\/\/revues.uqam.ca\/prefix\/a-propos\/politique-editoriale\/evaluation-par-les-pairs\/#breadcrumb\",\"itemListElement\":[{\"@type\":\"ListItem\",\"position\":1,\"name\":\"UQAM\",\"item\":\"https:\/\/uqam.ca\"},{\"@type\":\"ListItem\",\"position\":2,\"name\":\"PR\u00c9FIX\",\"item\":\"https:\/\/revues.uqam.ca\/prefix\"},{\"@type\":\"ListItem\",\"position\":3,\"name\":\"\u00c0 propos\",\"item\":\"https:\/\/revues.uqam.ca\/prefix\/a-propos\/\"},{\"@type\":\"ListItem\",\"position\":4,\"name\":\"Protocoles\/Politiques \u00e9ditoriales\",\"item\":\"https:\/\/revues.uqam.ca\/prefix\/a-propos\/politique-editoriale\/\"},{\"@type\":\"ListItem\",\"position\":5,\"name\":\"\u00c9valuation par les pairs\"}]},{\"@type\":\"WebSite\",\"@id\":\"https:\/\/revues.uqam.ca\/prefix\/#website\",\"url\":\"https:\/\/revues.uqam.ca\/prefix\/\",\"name\":\"PR\u00c9FIX\",\"description\":\"\",\"potentialAction\":[{\"@type\":\"SearchAction\",\"target\":{\"@type\":\"EntryPoint\",\"urlTemplate\":\"https:\/\/revues.uqam.ca\/prefix\/recherche\/?q={search_term_string}\"},\"query-input\":\"required name=search_term_string\"}],\"inLanguage\":\"fr-CA\"}]}<\/script>\n<!-- \/ Yoast SEO plugin. -->","yoast_head_json":{"title":"\u00c9valuation par les pairs | PR\u00c9FIX","robots":{"index":"index","follow":"follow","max-snippet":"max-snippet:-1","max-image-preview":"max-image-preview:large","max-video-preview":"max-video-preview:-1"},"canonical":"https:\/\/revues.uqam.ca\/prefix\/a-propos\/politique-editoriale\/evaluation-par-les-pairs\/","og_locale":"fr_CA","og_type":"article","og_title":"\u00c9valuation par les pairs | PR\u00c9FIX","og_description":"L\u2019IREF veille \u00e0 la qualit\u00e9 des contenus publi\u00e9s sur sa plateforme\u00a0en collaborant avec des\u00a0chercheureuses, des personnes \u00e9tudiantes et des partenaires reconnus dans leur communaut\u00e9 notamment par leur parcours acad\u00e9mique, professionnel ou exp\u00e9rientiel. Le processus de r\u00e9vision est ouvert et collaboratif, c\u2019est-\u00e0-dire que les identit\u00e9s des\u00a0auteurices\u00a0et des\u00a0\u00e9valuateurices\u00a0sont connues et que les\u00a0\u00e9valuateurices\u00a0peuvent travailler ensemble ou avec les\u00a0auteurices\u00a0dans [&hellip;]","og_url":"https:\/\/revues.uqam.ca\/prefix\/a-propos\/politique-editoriale\/evaluation-par-les-pairs\/","og_site_name":"PR\u00c9FIX","article_modified_time":"2026-03-05T13:09:11+00:00","twitter_card":"summary_large_image","twitter_misc":{"Estimation du temps de lecture":"1 minute"},"schema":{"@context":"https:\/\/schema.org","@graph":[{"@type":"WebPage","@id":"https:\/\/revues.uqam.ca\/prefix\/a-propos\/politique-editoriale\/evaluation-par-les-pairs\/","url":"https:\/\/revues.uqam.ca\/prefix\/a-propos\/politique-editoriale\/evaluation-par-les-pairs\/","name":"\u00c9valuation par les pairs | PR\u00c9FIX","isPartOf":{"@id":"https:\/\/revues.uqam.ca\/prefix\/#website"},"datePublished":"2023-01-16T20:28:20+00:00","dateModified":"2026-03-05T13:09:11+00:00","breadcrumb":{"@id":"https:\/\/revues.uqam.ca\/prefix\/a-propos\/politique-editoriale\/evaluation-par-les-pairs\/#breadcrumb"},"inLanguage":"fr-CA","potentialAction":[{"@type":"ReadAction","target":["https:\/\/revues.uqam.ca\/prefix\/a-propos\/politique-editoriale\/evaluation-par-les-pairs\/"]}]},{"@type":"BreadcrumbList","@id":"https:\/\/revues.uqam.ca\/prefix\/a-propos\/politique-editoriale\/evaluation-par-les-pairs\/#breadcrumb","itemListElement":[{"@type":"ListItem","position":1,"name":"UQAM","item":"https:\/\/uqam.ca"},{"@type":"ListItem","position":2,"name":"PR\u00c9FIX","item":"https:\/\/revues.uqam.ca\/prefix"},{"@type":"ListItem","position":3,"name":"\u00c0 propos","item":"https:\/\/revues.uqam.ca\/prefix\/a-propos\/"},{"@type":"ListItem","position":4,"name":"Protocoles\/Politiques \u00e9ditoriales","item":"https:\/\/revues.uqam.ca\/prefix\/a-propos\/politique-editoriale\/"},{"@type":"ListItem","position":5,"name":"\u00c9valuation par les pairs"}]},{"@type":"WebSite","@id":"https:\/\/revues.uqam.ca\/prefix\/#website","url":"https:\/\/revues.uqam.ca\/prefix\/","name":"PR\u00c9FIX","description":"","potentialAction":[{"@type":"SearchAction","target":{"@type":"EntryPoint","urlTemplate":"https:\/\/revues.uqam.ca\/prefix\/recherche\/?q={search_term_string}"},"query-input":"required name=search_term_string"}],"inLanguage":"fr-CA"}]}},"coauthors":[],"author_meta":{"author_link":"https:\/\/revues.uqam.ca\/prefix\/author\/giroux-alexiacourrier-uqam-ca\/","display_name":"Giroux, Alexia"},"relative_dates":{"created":"Posted 3 ann\u00e9es ago","modified":"Updated 2 mois ago"},"absolute_dates":{"created":"Posted on 16 janvier 2023","modified":"Updated on 5 mars 2026"},"absolute_dates_time":{"created":"Posted on 16 janvier 2023 15 h 28 min","modified":"Updated on 5 mars 2026 8 h 09 min"},"featured_img_caption":"","featured_img":false,"series_order":"","_links":{"self":[{"href":"https:\/\/revues.uqam.ca\/prefix\/wp-json\/wp\/v2\/pages\/84","targetHints":{"allow":["GET"]}}],"collection":[{"href":"https:\/\/revues.uqam.ca\/prefix\/wp-json\/wp\/v2\/pages"}],"about":[{"href":"https:\/\/revues.uqam.ca\/prefix\/wp-json\/wp\/v2\/types\/page"}],"author":[{"embeddable":true,"href":"https:\/\/revues.uqam.ca\/prefix\/wp-json\/wp\/v2\/users\/17"}],"replies":[{"embeddable":true,"href":"https:\/\/revues.uqam.ca\/prefix\/wp-json\/wp\/v2\/comments?post=84"}],"version-history":[{"count":11,"href":"https:\/\/revues.uqam.ca\/prefix\/wp-json\/wp\/v2\/pages\/84\/revisions"}],"predecessor-version":[{"id":6290,"href":"https:\/\/revues.uqam.ca\/prefix\/wp-json\/wp\/v2\/pages\/84\/revisions\/6290"}],"up":[{"embeddable":true,"href":"https:\/\/revues.uqam.ca\/prefix\/wp-json\/wp\/v2\/pages\/15"}],"wp:attachment":[{"href":"https:\/\/revues.uqam.ca\/prefix\/wp-json\/wp\/v2\/media?parent=84"}],"wp:term":[{"taxonomy":"category","embeddable":true,"href":"https:\/\/revues.uqam.ca\/prefix\/wp-json\/wp\/v2\/categories?post=84"}],"curies":[{"name":"wp","href":"https:\/\/api.w.org\/{rel}","templated":true}]}}