{"id":82,"date":"2023-01-16T15:27:38","date_gmt":"2023-01-16T20:27:38","guid":{"rendered":"https:\/\/revues.dev.uqam.ca\/iref\/?page_id=82"},"modified":"2024-08-19T15:20:14","modified_gmt":"2024-08-19T19:20:14","slug":"ethique-de-publication","status":"publish","type":"page","link":"https:\/\/revues.uqam.ca\/prefix\/a-propos\/politique-editoriale\/ethique-de-publication\/","title":{"rendered":"\u00c9thique de publication"},"content":{"rendered":"\n<p><strong>Plagiat<\/strong><\/p>\n\n\n\n<p>Les auteurices s\u2019engagent \u00e0 suivre une \u00e9thique de publication antiplagiat. Aussi, iels doivent d\u00e9clarer touts les \u00e9l\u00e9ments qui sont fortement issus de travaux d\u00e9j\u00e0 publi\u00e9s qu&rsquo;ils ou un\u00b7e tierce auraient d\u00e9j\u00e0 publi\u00e9s. Le responsable du num\u00e9ro ou le comit\u00e9 scientifique se r\u00e9serve le droit de refuser la publication pour des motifs de plagiat.<\/p>\n\n\n\n<p>Le manuscrit peut contenir des extraits d\u2019\u0153uvre publi\u00e9e ou soumise \u00e0 une propri\u00e9t\u00e9 intellectuelle, mais leur exploitation doit \u00eatre faite selon les normes acad\u00e9miques standards mentionn\u00e9es dans les directives aux auteurs et ne doit porter aucune atteinte au droit d\u2019auteur. Toutes les autorisations n\u00e9cessaires doivent \u00eatre annex\u00e9es \u00e0 la soumission. Advenant le cas qu\u2019une partie substantielle du manuscrit ou du document m\u00e9diatique reprend du contenu d\u00e9j\u00e0 publi\u00e9, veuillez en aviser l\u2019\u00e9quipe \u00e9ditoriale [fournir le contact] pour que celle-ci puisse \u00e9valuer la recevabilit\u00e9 de la proposition et proc\u00e9der en fonction des meilleures pratiques \u00e9ditoriales.<\/p>\n\n\n\n<p><strong>Conflits d&rsquo;int\u00e9r\u00eat<\/strong><\/p>\n\n\n\n<p>Toute personne impliqu\u00e9e dans l&rsquo;\u00e9valuation d&rsquo;un article et se trouvant en conflit d&rsquo;int\u00e9r\u00eat doit le d\u00e9clarer au Comit\u00e9 scientifique.<\/p>\n\n\n\n<p><strong>Gestion des plaintes<\/strong><\/p>\n\n\n\n<p>Lorsqu&rsquo;un litige survient lors d&rsquo;une \u00e9valuation par les pairs, c&rsquo;est le comit\u00e9 scientifique qui intervient. <\/p>\n\n\n\n<p><\/p>\n\n\n\n<p><\/p>\n","protected":false},"excerpt":{"rendered":"<p>Plagiat Les auteurices s\u2019engagent \u00e0 suivre une \u00e9thique de publication antiplagiat. Aussi, iels doivent d\u00e9clarer touts les \u00e9l\u00e9ments qui sont fortement issus de travaux d\u00e9j\u00e0 publi\u00e9s qu&rsquo;ils ou un\u00b7e tierce auraient d\u00e9j\u00e0 publi\u00e9s. Le responsable du num\u00e9ro ou le comit\u00e9 scientifique se r\u00e9serve le droit de refuser la publication pour des motifs de plagiat. Le [&hellip;]<\/p>\n","protected":false},"author":17,"featured_media":0,"parent":15,"menu_order":2,"comment_status":"closed","ping_status":"closed","template":"","meta":{"_acf_changed":false,"advgb_blocks_editor_width":"","advgb_blocks_columns_visual_guide":"","footnotes":""},"categories":[],"class_list":["post-82","page","type-page","status-publish","hentry"],"acf":[],"yoast_head":"<!-- This site is optimized with the Yoast SEO plugin v22.1 - https:\/\/yoast.com\/wordpress\/plugins\/seo\/ -->\n<title>\u00c9thique de publication | PR\u00c9FIX<\/title>\n<meta name=\"robots\" content=\"index, follow, max-snippet:-1, max-image-preview:large, max-video-preview:-1\" \/>\n<link rel=\"canonical\" href=\"https:\/\/revues.uqam.ca\/prefix\/a-propos\/politique-editoriale\/ethique-de-publication\/\" \/>\n<meta property=\"og:locale\" content=\"fr_CA\" \/>\n<meta property=\"og:type\" content=\"article\" \/>\n<meta property=\"og:title\" content=\"\u00c9thique de publication | PR\u00c9FIX\" \/>\n<meta property=\"og:description\" content=\"Plagiat Les auteurices s\u2019engagent \u00e0 suivre une \u00e9thique de publication antiplagiat. Aussi, iels doivent d\u00e9clarer touts les \u00e9l\u00e9ments qui sont fortement issus de travaux d\u00e9j\u00e0 publi\u00e9s qu&rsquo;ils ou un\u00b7e tierce auraient d\u00e9j\u00e0 publi\u00e9s. Le responsable du num\u00e9ro ou le comit\u00e9 scientifique se r\u00e9serve le droit de refuser la publication pour des motifs de plagiat. Le [&hellip;]\" \/>\n<meta property=\"og:url\" content=\"https:\/\/revues.uqam.ca\/prefix\/a-propos\/politique-editoriale\/ethique-de-publication\/\" \/>\n<meta property=\"og:site_name\" content=\"PR\u00c9FIX\" \/>\n<meta property=\"article:modified_time\" content=\"2024-08-19T19:20:14+00:00\" \/>\n<meta name=\"twitter:card\" content=\"summary_large_image\" \/>\n<meta name=\"twitter:label1\" content=\"Estimation du temps de lecture\" \/>\n\t<meta name=\"twitter:data1\" content=\"1 minute\" \/>\n<script type=\"application\/ld+json\" class=\"yoast-schema-graph\">{\"@context\":\"https:\/\/schema.org\",\"@graph\":[{\"@type\":\"WebPage\",\"@id\":\"https:\/\/revues.uqam.ca\/prefix\/a-propos\/politique-editoriale\/ethique-de-publication\/\",\"url\":\"https:\/\/revues.uqam.ca\/prefix\/a-propos\/politique-editoriale\/ethique-de-publication\/\",\"name\":\"\u00c9thique de publication | PR\u00c9FIX\",\"isPartOf\":{\"@id\":\"https:\/\/revues.uqam.ca\/prefix\/#website\"},\"datePublished\":\"2023-01-16T20:27:38+00:00\",\"dateModified\":\"2024-08-19T19:20:14+00:00\",\"breadcrumb\":{\"@id\":\"https:\/\/revues.uqam.ca\/prefix\/a-propos\/politique-editoriale\/ethique-de-publication\/#breadcrumb\"},\"inLanguage\":\"fr-CA\",\"potentialAction\":[{\"@type\":\"ReadAction\",\"target\":[\"https:\/\/revues.uqam.ca\/prefix\/a-propos\/politique-editoriale\/ethique-de-publication\/\"]}]},{\"@type\":\"BreadcrumbList\",\"@id\":\"https:\/\/revues.uqam.ca\/prefix\/a-propos\/politique-editoriale\/ethique-de-publication\/#breadcrumb\",\"itemListElement\":[{\"@type\":\"ListItem\",\"position\":1,\"name\":\"UQAM\",\"item\":\"https:\/\/uqam.ca\"},{\"@type\":\"ListItem\",\"position\":2,\"name\":\"PR\u00c9FIX\",\"item\":\"https:\/\/revues.uqam.ca\/prefix\"},{\"@type\":\"ListItem\",\"position\":3,\"name\":\"\u00c0 propos\",\"item\":\"https:\/\/revues.uqam.ca\/prefix\/a-propos\/\"},{\"@type\":\"ListItem\",\"position\":4,\"name\":\"Protocoles\/Politiques \u00e9ditoriales\",\"item\":\"https:\/\/revues.uqam.ca\/prefix\/a-propos\/politique-editoriale\/\"},{\"@type\":\"ListItem\",\"position\":5,\"name\":\"\u00c9thique de publication\"}]},{\"@type\":\"WebSite\",\"@id\":\"https:\/\/revues.uqam.ca\/prefix\/#website\",\"url\":\"https:\/\/revues.uqam.ca\/prefix\/\",\"name\":\"PR\u00c9FIX\",\"description\":\"\",\"potentialAction\":[{\"@type\":\"SearchAction\",\"target\":{\"@type\":\"EntryPoint\",\"urlTemplate\":\"https:\/\/revues.uqam.ca\/prefix\/recherche\/?q={search_term_string}\"},\"query-input\":\"required name=search_term_string\"}],\"inLanguage\":\"fr-CA\"}]}<\/script>\n<!-- \/ Yoast SEO plugin. -->","yoast_head_json":{"title":"\u00c9thique de publication | PR\u00c9FIX","robots":{"index":"index","follow":"follow","max-snippet":"max-snippet:-1","max-image-preview":"max-image-preview:large","max-video-preview":"max-video-preview:-1"},"canonical":"https:\/\/revues.uqam.ca\/prefix\/a-propos\/politique-editoriale\/ethique-de-publication\/","og_locale":"fr_CA","og_type":"article","og_title":"\u00c9thique de publication | PR\u00c9FIX","og_description":"Plagiat Les auteurices s\u2019engagent \u00e0 suivre une \u00e9thique de publication antiplagiat. Aussi, iels doivent d\u00e9clarer touts les \u00e9l\u00e9ments qui sont fortement issus de travaux d\u00e9j\u00e0 publi\u00e9s qu&rsquo;ils ou un\u00b7e tierce auraient d\u00e9j\u00e0 publi\u00e9s. Le responsable du num\u00e9ro ou le comit\u00e9 scientifique se r\u00e9serve le droit de refuser la publication pour des motifs de plagiat. Le [&hellip;]","og_url":"https:\/\/revues.uqam.ca\/prefix\/a-propos\/politique-editoriale\/ethique-de-publication\/","og_site_name":"PR\u00c9FIX","article_modified_time":"2024-08-19T19:20:14+00:00","twitter_card":"summary_large_image","twitter_misc":{"Estimation du temps de lecture":"1 minute"},"schema":{"@context":"https:\/\/schema.org","@graph":[{"@type":"WebPage","@id":"https:\/\/revues.uqam.ca\/prefix\/a-propos\/politique-editoriale\/ethique-de-publication\/","url":"https:\/\/revues.uqam.ca\/prefix\/a-propos\/politique-editoriale\/ethique-de-publication\/","name":"\u00c9thique de publication | PR\u00c9FIX","isPartOf":{"@id":"https:\/\/revues.uqam.ca\/prefix\/#website"},"datePublished":"2023-01-16T20:27:38+00:00","dateModified":"2024-08-19T19:20:14+00:00","breadcrumb":{"@id":"https:\/\/revues.uqam.ca\/prefix\/a-propos\/politique-editoriale\/ethique-de-publication\/#breadcrumb"},"inLanguage":"fr-CA","potentialAction":[{"@type":"ReadAction","target":["https:\/\/revues.uqam.ca\/prefix\/a-propos\/politique-editoriale\/ethique-de-publication\/"]}]},{"@type":"BreadcrumbList","@id":"https:\/\/revues.uqam.ca\/prefix\/a-propos\/politique-editoriale\/ethique-de-publication\/#breadcrumb","itemListElement":[{"@type":"ListItem","position":1,"name":"UQAM","item":"https:\/\/uqam.ca"},{"@type":"ListItem","position":2,"name":"PR\u00c9FIX","item":"https:\/\/revues.uqam.ca\/prefix"},{"@type":"ListItem","position":3,"name":"\u00c0 propos","item":"https:\/\/revues.uqam.ca\/prefix\/a-propos\/"},{"@type":"ListItem","position":4,"name":"Protocoles\/Politiques \u00e9ditoriales","item":"https:\/\/revues.uqam.ca\/prefix\/a-propos\/politique-editoriale\/"},{"@type":"ListItem","position":5,"name":"\u00c9thique de publication"}]},{"@type":"WebSite","@id":"https:\/\/revues.uqam.ca\/prefix\/#website","url":"https:\/\/revues.uqam.ca\/prefix\/","name":"PR\u00c9FIX","description":"","potentialAction":[{"@type":"SearchAction","target":{"@type":"EntryPoint","urlTemplate":"https:\/\/revues.uqam.ca\/prefix\/recherche\/?q={search_term_string}"},"query-input":"required name=search_term_string"}],"inLanguage":"fr-CA"}]}},"coauthors":[],"author_meta":{"author_link":"https:\/\/revues.uqam.ca\/prefix\/author\/giroux-alexiacourrier-uqam-ca\/","display_name":"Giroux, Alexia"},"relative_dates":{"created":"Posted 3 ann\u00e9es ago","modified":"Updated 2 ann\u00e9es ago"},"absolute_dates":{"created":"Posted on 16 janvier 2023","modified":"Updated on 19 ao\u00fbt 2024"},"absolute_dates_time":{"created":"Posted on 16 janvier 2023 15 h 27 min","modified":"Updated on 19 ao\u00fbt 2024 15 h 20 min"},"featured_img_caption":"","featured_img":false,"series_order":"","_links":{"self":[{"href":"https:\/\/revues.uqam.ca\/prefix\/wp-json\/wp\/v2\/pages\/82","targetHints":{"allow":["GET"]}}],"collection":[{"href":"https:\/\/revues.uqam.ca\/prefix\/wp-json\/wp\/v2\/pages"}],"about":[{"href":"https:\/\/revues.uqam.ca\/prefix\/wp-json\/wp\/v2\/types\/page"}],"author":[{"embeddable":true,"href":"https:\/\/revues.uqam.ca\/prefix\/wp-json\/wp\/v2\/users\/17"}],"replies":[{"embeddable":true,"href":"https:\/\/revues.uqam.ca\/prefix\/wp-json\/wp\/v2\/comments?post=82"}],"version-history":[{"count":3,"href":"https:\/\/revues.uqam.ca\/prefix\/wp-json\/wp\/v2\/pages\/82\/revisions"}],"predecessor-version":[{"id":3879,"href":"https:\/\/revues.uqam.ca\/prefix\/wp-json\/wp\/v2\/pages\/82\/revisions\/3879"}],"up":[{"embeddable":true,"href":"https:\/\/revues.uqam.ca\/prefix\/wp-json\/wp\/v2\/pages\/15"}],"wp:attachment":[{"href":"https:\/\/revues.uqam.ca\/prefix\/wp-json\/wp\/v2\/media?parent=82"}],"wp:term":[{"taxonomy":"category","embeddable":true,"href":"https:\/\/revues.uqam.ca\/prefix\/wp-json\/wp\/v2\/categories?post=82"}],"curies":[{"name":"wp","href":"https:\/\/api.w.org\/{rel}","templated":true}]}}