{"id":11,"date":"2023-01-09T12:02:48","date_gmt":"2023-01-09T17:02:48","guid":{"rendered":"https:\/\/revues.dev.uqam.ca\/iref\/?page_id=11"},"modified":"2026-03-17T08:55:20","modified_gmt":"2026-03-17T12:55:20","slug":"presentation-de-la-revue","status":"publish","type":"page","link":"https:\/\/revues.uqam.ca\/prefix\/a-propos\/presentation-de-la-revue\/","title":{"rendered":"Pr\u00e9sentation"},"content":{"rendered":"\n<p>La revue <strong>Pr\u00e9fiX<\/strong> est une plateforme de recherche en \u00e9tudes f\u00e9ministes, inter et multidisciplinaires, qui permet la diffusion en libre acc\u00e8s de contenus, de savoirs, de pratiques et d\u2019objets de connaissance en \u00e9tudes f\u00e9ministes issus des travaux travaux des <a href=\"https:\/\/iref.uqam.ca\/trouvez-un%c2%b7e-expert%c2%b7e\/\" target=\"_blank\" rel=\"noreferrer noopener\">membres de l\u2019IREF<\/a>.\u00a0<\/p>\n\n\n\n<p>La plateforme r\u00e9pond \u00e0 diff\u00e9rents publics en valorisant divers types de m\u00e9dias dont les contenus couvrent autant la recherche scientifique avec des publications revues par les pairs que la vulgarisation de contenus scientifiques, des billets de blogue ainsi qu\u2019une revue de presse illustrant les propos de nos membres dans les m\u00e9dias.&nbsp;<\/p>\n\n\n\n<h4 class=\"wp-block-heading\">Pr\u00e9fiX accueille six rubriques:<\/h4>\n\n\n\n<ol class=\"wp-block-list\">\n<li>Les<a href=\"https:\/\/revues.uqam.ca\/prefix\/numeros-revue-prefix\/vol-1-no-1\/\"> <em>Num\u00e9ros<\/em><\/a> qui peuvent \u00eatre ouverts (d\u00e9p\u00f4t en continu d&rsquo;articles r\u00e9vis\u00e9s par les pairs en fonction d\u2019un sujet ou d\u2019une th\u00e9matique) ou ferm\u00e9s (actes de colloques, publications suite \u00e0 un appel de textes). <strong>[ISSN 2818-0704]<\/strong>.  Les publications des <a href=\"https:\/\/revues.uqam.ca\/prefix\/archives-cahiers-de-liref-2\/\">Cahiers de l&rsquo;IREF<\/a> [<strong>ISSN 3110-9489<\/strong>], de 2011 \u00e0 2023, sont accessibles sur Pr\u00e9fix puisqu&rsquo;ils sont le format qui pr\u00e9valait avant la mise en ligne de Pr\u00e9fix<\/li>\n\n\n\n<li>Une section hors-s\u00e9rie, <a href=\"https:\/\/revues.uqam.ca\/prefix\/en-vrac\/\"><em>MultimiX<\/em><\/a>, qui permet la publication de diff\u00e9rents objets de connaissance (articles, travaux de fin de session, versions r\u00e9vis\u00e9es ou r\u00e9sum\u00e9s des m\u00e9moires et des th\u00e8ses en \u00e9tudes f\u00e9ministes, capsules, <em>Zines<\/em>, <em>Fanzines<\/em>, etc.) et suit un processus de r\u00e9vision par les pairs. <strong><strong>[ISSN 2818-0704]<\/strong><\/strong><\/li>\n\n\n\n<li><a href=\"https:\/\/revues.uqam.ca\/prefix\/feminisphere-presentation\/\" target=\"_blank\" rel=\"noreferrer noopener\"><em>F\u00e9minisph\u00e8re<\/em> <\/a>accueille des textes libres des membres de l\u2019IREF. Ceux-ci peuvent prendre la forme de  publications de conf\u00e9rences, de sujets d\u2019actualit\u00e9 ou de textes d\u2019opinion autour d\u2019une th\u00e9matique de recherche, ainsi que des <em>zines<\/em>, des podcasts, des balados, des vid\u00e9os et des compte-rendus de livres. L&rsquo;\u00e9quipe de l\u2019IREF \u00e9value ces contributions avant publication.<\/li>\n\n\n\n<li><em><a href=\"https:\/\/revues.uqam.ca\/prefix\/actualites\/\" target=\"_blank\" rel=\"noreferrer noopener\">Dans les m\u00e9dias<\/a><\/em> illustre et souligne les interventions des membres au sein d&rsquo;articles de journaux, d&rsquo;\u00e9missions ou d&rsquo;entrevues m\u00e9diatis\u00e9es.<\/li>\n\n\n\n<li><em><a href=\"https:\/\/revues.uqam.ca\/prefix\/numeros-cahier-iref\/cahier-10\/\/\" target=\"_blank\" rel=\"noreferrer noopener\">Les cahiers de l\u2019IREF<\/a><\/em> (Collection Agora), dont le num\u00e9ro 10 est le dernier de cette collection, vient clore un processus d\u2019\u00e9dition. Il est opportun de souligner que la revue Pr\u00e9fiX est une version augment\u00e9e des <em>Cahiers de l\u2019IREF<\/em>, notamment la collection Agora. En int\u00e9grant au processus d\u2019\u00e9dition une r\u00e9vision par les pairs et en multipliant les possibilit\u00e9s de formats de publication, les objets publi\u00e9s<em> <\/em>permettent de poursuivre l\u2019objectif des <em>Cahiers de l\u2019IREF<\/em>, mais \u00e9galement d\u2019ouvrir \u00e0 des formats de publications moins traditionnels tout en assurant une rigueur scientifique.<\/li>\n\n\n\n<li>La rubrique <em><a href=\"https:\/\/revues.uqam.ca\/prefix\/activites\/\" target=\"_blank\" rel=\"noreferrer noopener\">Activit\u00e9s<\/a><\/em> permet de suivre toutes les activit\u00e9s scientifiques planifi\u00e9es ou organis\u00e9es en collaboration avec les membres de l\u2019IREF.<\/li>\n<\/ol>\n\n\n\n<p><strong>Num\u00e9ro international normalis\u00e9 des publications en s\u00e9rie: [ISSN 2818-0704]<\/strong><\/p>\n\n\n\n<p><strong>\u00c9diteur: Institut de recherches et d&rsquo;\u00e9tudes f\u00e9ministes (IREF)<\/strong><\/p>\n\n\n\n<p><strong>Publications en fran\u00e7ais<\/strong><\/p>\n\n\n\n<p><strong>Fr\u00e9quence de publications: deux fois par ann\u00e9e pour les num\u00e9ros Pr\u00e9fiX, en continu pour la rubrique MultimiX<\/strong><\/p>\n","protected":false},"excerpt":{"rendered":"<p>La revue Pr\u00e9fiX est une plateforme de recherche en \u00e9tudes f\u00e9ministes, inter et multidisciplinaires, qui permet la diffusion en libre acc\u00e8s de contenus, de savoirs, de pratiques et d\u2019objets de connaissance en \u00e9tudes f\u00e9ministes issus des travaux travaux des membres de l\u2019IREF.\u00a0 La plateforme r\u00e9pond \u00e0 diff\u00e9rents publics en valorisant divers types de m\u00e9dias dont [&hellip;]<\/p>\n","protected":false},"author":17,"featured_media":0,"parent":18,"menu_order":0,"comment_status":"closed","ping_status":"closed","template":"","meta":{"_acf_changed":false,"advgb_blocks_editor_width":"","advgb_blocks_columns_visual_guide":"","footnotes":""},"categories":[],"class_list":["post-11","page","type-page","status-publish","hentry"],"acf":[],"yoast_head":"<!-- This site is optimized with the Yoast SEO plugin v22.1 - https:\/\/yoast.com\/wordpress\/plugins\/seo\/ -->\n<title>Pr\u00e9sentation | PR\u00c9FIX<\/title>\n<meta name=\"robots\" content=\"index, follow, max-snippet:-1, max-image-preview:large, max-video-preview:-1\" \/>\n<link rel=\"canonical\" href=\"https:\/\/revues.uqam.ca\/prefix\/a-propos\/presentation-de-la-revue\/\" \/>\n<meta property=\"og:locale\" content=\"fr_CA\" \/>\n<meta property=\"og:type\" content=\"article\" \/>\n<meta property=\"og:title\" content=\"Pr\u00e9sentation | PR\u00c9FIX\" \/>\n<meta property=\"og:description\" content=\"La revue Pr\u00e9fiX est une plateforme de recherche en \u00e9tudes f\u00e9ministes, inter et multidisciplinaires, qui permet la diffusion en libre acc\u00e8s de contenus, de savoirs, de pratiques et d\u2019objets de connaissance en \u00e9tudes f\u00e9ministes issus des travaux travaux des membres de l\u2019IREF.\u00a0 La plateforme r\u00e9pond \u00e0 diff\u00e9rents publics en valorisant divers types de m\u00e9dias dont [&hellip;]\" \/>\n<meta property=\"og:url\" content=\"https:\/\/revues.uqam.ca\/prefix\/a-propos\/presentation-de-la-revue\/\" \/>\n<meta property=\"og:site_name\" content=\"PR\u00c9FIX\" \/>\n<meta property=\"article:modified_time\" content=\"2026-03-17T12:55:20+00:00\" \/>\n<meta name=\"twitter:card\" content=\"summary_large_image\" \/>\n<meta name=\"twitter:label1\" content=\"Estimation du temps de lecture\" \/>\n\t<meta name=\"twitter:data1\" content=\"3 minutes\" \/>\n<script type=\"application\/ld+json\" class=\"yoast-schema-graph\">{\"@context\":\"https:\/\/schema.org\",\"@graph\":[{\"@type\":\"WebPage\",\"@id\":\"https:\/\/revues.uqam.ca\/prefix\/a-propos\/presentation-de-la-revue\/\",\"url\":\"https:\/\/revues.uqam.ca\/prefix\/a-propos\/presentation-de-la-revue\/\",\"name\":\"Pr\u00e9sentation | PR\u00c9FIX\",\"isPartOf\":{\"@id\":\"https:\/\/revues.uqam.ca\/prefix\/#website\"},\"datePublished\":\"2023-01-09T17:02:48+00:00\",\"dateModified\":\"2026-03-17T12:55:20+00:00\",\"breadcrumb\":{\"@id\":\"https:\/\/revues.uqam.ca\/prefix\/a-propos\/presentation-de-la-revue\/#breadcrumb\"},\"inLanguage\":\"fr-CA\",\"potentialAction\":[{\"@type\":\"ReadAction\",\"target\":[\"https:\/\/revues.uqam.ca\/prefix\/a-propos\/presentation-de-la-revue\/\"]}]},{\"@type\":\"BreadcrumbList\",\"@id\":\"https:\/\/revues.uqam.ca\/prefix\/a-propos\/presentation-de-la-revue\/#breadcrumb\",\"itemListElement\":[{\"@type\":\"ListItem\",\"position\":1,\"name\":\"UQAM\",\"item\":\"https:\/\/uqam.ca\"},{\"@type\":\"ListItem\",\"position\":2,\"name\":\"PR\u00c9FIX\",\"item\":\"https:\/\/revues.uqam.ca\/prefix\"},{\"@type\":\"ListItem\",\"position\":3,\"name\":\"\u00c0 propos\",\"item\":\"https:\/\/revues.uqam.ca\/prefix\/a-propos\/\"},{\"@type\":\"ListItem\",\"position\":4,\"name\":\"Pr\u00e9sentation\"}]},{\"@type\":\"WebSite\",\"@id\":\"https:\/\/revues.uqam.ca\/prefix\/#website\",\"url\":\"https:\/\/revues.uqam.ca\/prefix\/\",\"name\":\"PR\u00c9FIX\",\"description\":\"\",\"potentialAction\":[{\"@type\":\"SearchAction\",\"target\":{\"@type\":\"EntryPoint\",\"urlTemplate\":\"https:\/\/revues.uqam.ca\/prefix\/recherche\/?q={search_term_string}\"},\"query-input\":\"required name=search_term_string\"}],\"inLanguage\":\"fr-CA\"}]}<\/script>\n<!-- \/ Yoast SEO plugin. -->","yoast_head_json":{"title":"Pr\u00e9sentation | PR\u00c9FIX","robots":{"index":"index","follow":"follow","max-snippet":"max-snippet:-1","max-image-preview":"max-image-preview:large","max-video-preview":"max-video-preview:-1"},"canonical":"https:\/\/revues.uqam.ca\/prefix\/a-propos\/presentation-de-la-revue\/","og_locale":"fr_CA","og_type":"article","og_title":"Pr\u00e9sentation | PR\u00c9FIX","og_description":"La revue Pr\u00e9fiX est une plateforme de recherche en \u00e9tudes f\u00e9ministes, inter et multidisciplinaires, qui permet la diffusion en libre acc\u00e8s de contenus, de savoirs, de pratiques et d\u2019objets de connaissance en \u00e9tudes f\u00e9ministes issus des travaux travaux des membres de l\u2019IREF.\u00a0 La plateforme r\u00e9pond \u00e0 diff\u00e9rents publics en valorisant divers types de m\u00e9dias dont [&hellip;]","og_url":"https:\/\/revues.uqam.ca\/prefix\/a-propos\/presentation-de-la-revue\/","og_site_name":"PR\u00c9FIX","article_modified_time":"2026-03-17T12:55:20+00:00","twitter_card":"summary_large_image","twitter_misc":{"Estimation du temps de lecture":"3 minutes"},"schema":{"@context":"https:\/\/schema.org","@graph":[{"@type":"WebPage","@id":"https:\/\/revues.uqam.ca\/prefix\/a-propos\/presentation-de-la-revue\/","url":"https:\/\/revues.uqam.ca\/prefix\/a-propos\/presentation-de-la-revue\/","name":"Pr\u00e9sentation | PR\u00c9FIX","isPartOf":{"@id":"https:\/\/revues.uqam.ca\/prefix\/#website"},"datePublished":"2023-01-09T17:02:48+00:00","dateModified":"2026-03-17T12:55:20+00:00","breadcrumb":{"@id":"https:\/\/revues.uqam.ca\/prefix\/a-propos\/presentation-de-la-revue\/#breadcrumb"},"inLanguage":"fr-CA","potentialAction":[{"@type":"ReadAction","target":["https:\/\/revues.uqam.ca\/prefix\/a-propos\/presentation-de-la-revue\/"]}]},{"@type":"BreadcrumbList","@id":"https:\/\/revues.uqam.ca\/prefix\/a-propos\/presentation-de-la-revue\/#breadcrumb","itemListElement":[{"@type":"ListItem","position":1,"name":"UQAM","item":"https:\/\/uqam.ca"},{"@type":"ListItem","position":2,"name":"PR\u00c9FIX","item":"https:\/\/revues.uqam.ca\/prefix"},{"@type":"ListItem","position":3,"name":"\u00c0 propos","item":"https:\/\/revues.uqam.ca\/prefix\/a-propos\/"},{"@type":"ListItem","position":4,"name":"Pr\u00e9sentation"}]},{"@type":"WebSite","@id":"https:\/\/revues.uqam.ca\/prefix\/#website","url":"https:\/\/revues.uqam.ca\/prefix\/","name":"PR\u00c9FIX","description":"","potentialAction":[{"@type":"SearchAction","target":{"@type":"EntryPoint","urlTemplate":"https:\/\/revues.uqam.ca\/prefix\/recherche\/?q={search_term_string}"},"query-input":"required name=search_term_string"}],"inLanguage":"fr-CA"}]}},"coauthors":[],"author_meta":{"author_link":"https:\/\/revues.uqam.ca\/prefix\/author\/giroux-alexiacourrier-uqam-ca\/","display_name":"Giroux, Alexia"},"relative_dates":{"created":"Posted 3 ann\u00e9es ago","modified":"Updated 2 mois ago"},"absolute_dates":{"created":"Posted on 9 janvier 2023","modified":"Updated on 17 mars 2026"},"absolute_dates_time":{"created":"Posted on 9 janvier 2023 12 h 02 min","modified":"Updated on 17 mars 2026 8 h 55 min"},"featured_img_caption":"","featured_img":false,"series_order":"","_links":{"self":[{"href":"https:\/\/revues.uqam.ca\/prefix\/wp-json\/wp\/v2\/pages\/11","targetHints":{"allow":["GET"]}}],"collection":[{"href":"https:\/\/revues.uqam.ca\/prefix\/wp-json\/wp\/v2\/pages"}],"about":[{"href":"https:\/\/revues.uqam.ca\/prefix\/wp-json\/wp\/v2\/types\/page"}],"author":[{"embeddable":true,"href":"https:\/\/revues.uqam.ca\/prefix\/wp-json\/wp\/v2\/users\/17"}],"replies":[{"embeddable":true,"href":"https:\/\/revues.uqam.ca\/prefix\/wp-json\/wp\/v2\/comments?post=11"}],"version-history":[{"count":44,"href":"https:\/\/revues.uqam.ca\/prefix\/wp-json\/wp\/v2\/pages\/11\/revisions"}],"predecessor-version":[{"id":6509,"href":"https:\/\/revues.uqam.ca\/prefix\/wp-json\/wp\/v2\/pages\/11\/revisions\/6509"}],"up":[{"embeddable":true,"href":"https:\/\/revues.uqam.ca\/prefix\/wp-json\/wp\/v2\/pages\/18"}],"wp:attachment":[{"href":"https:\/\/revues.uqam.ca\/prefix\/wp-json\/wp\/v2\/media?parent=11"}],"wp:term":[{"taxonomy":"category","embeddable":true,"href":"https:\/\/revues.uqam.ca\/prefix\/wp-json\/wp\/v2\/categories?post=11"}],"curies":[{"name":"wp","href":"https:\/\/api.w.org\/{rel}","templated":true}]}}