{"id":5471,"date":"2020-02-14T15:00:00","date_gmt":"2020-02-14T20:00:00","guid":{"rendered":"https:\/\/revues.uqam.ca\/prefix\/?post_type=medias&#038;p=5471"},"modified":"2025-11-18T15:21:46","modified_gmt":"2025-11-18T20:21:46","slug":"refusees-malgre-le-risque-dexcision-rachel-chagnon-journaldemontreal-com-14-fevrier-2020","status":"publish","type":"medias","link":"https:\/\/revues.uqam.ca\/prefix\/medias\/refusees-malgre-le-risque-dexcision-rachel-chagnon-journaldemontreal-com-14-fevrier-2020\/","title":{"rendered":"Refus\u00e9es malgr\u00e9 le risque d\u2019excision, Rachel Chagnon, JournalDeMontreal.com, 14 f\u00e9vrier 2020."},"content":{"rendered":"\n<p>Refus\u00e9es malgr\u00e9 le risque d\u2019excision, JournalDeMontreal.com<\/p>\n","protected":false},"excerpt":{"rendered":"<p>Refus\u00e9es malgr\u00e9 le risque d\u2019excision, JournalDeMontreal.com<\/p>\n","protected":false},"author":1,"featured_media":5300,"template":"","tags":[293,1046,803],"ppma_author":[74],"class_list":["post-5471","medias","type-medias","status-publish","has-post-thumbnail","hentry","tag-immigration","tag-mutilations-genitales","tag-violence-faite-aux-femmes"],"acf":{"date_published":null},"yoast_head":"<!-- This site is optimized with the Yoast SEO plugin v22.1 - https:\/\/yoast.com\/wordpress\/plugins\/seo\/ -->\n<title>Refus\u00e9es malgr\u00e9 le risque d\u2019excision, Rachel Chagnon, JournalDeMontreal.com, 14 f\u00e9vrier 2020. | PR\u00c9FIX<\/title>\n<meta name=\"robots\" content=\"index, follow, max-snippet:-1, max-image-preview:large, max-video-preview:-1\" \/>\n<link rel=\"canonical\" href=\"https:\/\/revues.uqam.ca\/prefix\/medias\/refusees-malgre-le-risque-dexcision-rachel-chagnon-journaldemontreal-com-14-fevrier-2020\/\" \/>\n<meta property=\"og:locale\" content=\"fr_CA\" \/>\n<meta property=\"og:type\" content=\"article\" \/>\n<meta property=\"og:title\" content=\"Refus\u00e9es malgr\u00e9 le risque d\u2019excision, Rachel Chagnon, JournalDeMontreal.com, 14 f\u00e9vrier 2020. | PR\u00c9FIX\" \/>\n<meta property=\"og:description\" content=\"Refus\u00e9es malgr\u00e9 le risque d\u2019excision, JournalDeMontreal.com\" \/>\n<meta property=\"og:url\" content=\"https:\/\/revues.uqam.ca\/prefix\/medias\/refusees-malgre-le-risque-dexcision-rachel-chagnon-journaldemontreal-com-14-fevrier-2020\/\" \/>\n<meta property=\"og:site_name\" content=\"PR\u00c9FIX\" \/>\n<meta property=\"article:modified_time\" content=\"2025-11-18T20:21:46+00:00\" \/>\n<meta property=\"og:image\" content=\"https:\/\/revues.uqam.ca\/prefix\/wp-content\/uploads\/sites\/4\/2025\/09\/UQAM_danslesmedias_vignette_1080x1080.png\" \/>\n\t<meta property=\"og:image:width\" content=\"1081\" \/>\n\t<meta property=\"og:image:height\" content=\"1081\" \/>\n\t<meta property=\"og:image:type\" content=\"image\/png\" \/>\n<meta name=\"twitter:card\" content=\"summary_large_image\" \/>\n<meta name=\"twitter:label1\" content=\"Estimation du temps de lecture\" \/>\n\t<meta name=\"twitter:data1\" content=\"1 minute\" \/>\n<script type=\"application\/ld+json\" class=\"yoast-schema-graph\">{\"@context\":\"https:\/\/schema.org\",\"@graph\":[{\"@type\":\"WebPage\",\"@id\":\"https:\/\/revues.uqam.ca\/prefix\/medias\/refusees-malgre-le-risque-dexcision-rachel-chagnon-journaldemontreal-com-14-fevrier-2020\/\",\"url\":\"https:\/\/revues.uqam.ca\/prefix\/medias\/refusees-malgre-le-risque-dexcision-rachel-chagnon-journaldemontreal-com-14-fevrier-2020\/\",\"name\":\"Refus\u00e9es malgr\u00e9 le risque d\u2019excision, Rachel Chagnon, JournalDeMontreal.com, 14 f\u00e9vrier 2020. | PR\u00c9FIX\",\"isPartOf\":{\"@id\":\"https:\/\/revues.uqam.ca\/prefix\/#website\"},\"datePublished\":\"2020-02-14T20:00:00+00:00\",\"dateModified\":\"2025-11-18T20:21:46+00:00\",\"breadcrumb\":{\"@id\":\"https:\/\/revues.uqam.ca\/prefix\/medias\/refusees-malgre-le-risque-dexcision-rachel-chagnon-journaldemontreal-com-14-fevrier-2020\/#breadcrumb\"},\"inLanguage\":\"fr-CA\",\"potentialAction\":[{\"@type\":\"ReadAction\",\"target\":[\"https:\/\/revues.uqam.ca\/prefix\/medias\/refusees-malgre-le-risque-dexcision-rachel-chagnon-journaldemontreal-com-14-fevrier-2020\/\"]}]},{\"@type\":\"BreadcrumbList\",\"@id\":\"https:\/\/revues.uqam.ca\/prefix\/medias\/refusees-malgre-le-risque-dexcision-rachel-chagnon-journaldemontreal-com-14-fevrier-2020\/#breadcrumb\",\"itemListElement\":[{\"@type\":\"ListItem\",\"position\":1,\"name\":\"UQAM\",\"item\":\"https:\/\/uqam.ca\"},{\"@type\":\"ListItem\",\"position\":2,\"name\":\"PR\u00c9FIX\",\"item\":\"https:\/\/revues.uqam.ca\/prefix\"},{\"@type\":\"ListItem\",\"position\":3,\"name\":\"Refus\u00e9es malgr\u00e9 le risque d\u2019excision, Rachel Chagnon, JournalDeMontreal.com, 14 f\u00e9vrier 2020.\"}]},{\"@type\":\"WebSite\",\"@id\":\"https:\/\/revues.uqam.ca\/prefix\/#website\",\"url\":\"https:\/\/revues.uqam.ca\/prefix\/\",\"name\":\"PR\u00c9FIX\",\"description\":\"\",\"potentialAction\":[{\"@type\":\"SearchAction\",\"target\":{\"@type\":\"EntryPoint\",\"urlTemplate\":\"https:\/\/revues.uqam.ca\/prefix\/recherche\/?q={search_term_string}\"},\"query-input\":\"required name=search_term_string\"}],\"inLanguage\":\"fr-CA\"}]}<\/script>\n<!-- \/ Yoast SEO plugin. -->","yoast_head_json":{"title":"Refus\u00e9es malgr\u00e9 le risque d\u2019excision, Rachel Chagnon, JournalDeMontreal.com, 14 f\u00e9vrier 2020. | PR\u00c9FIX","robots":{"index":"index","follow":"follow","max-snippet":"max-snippet:-1","max-image-preview":"max-image-preview:large","max-video-preview":"max-video-preview:-1"},"canonical":"https:\/\/revues.uqam.ca\/prefix\/medias\/refusees-malgre-le-risque-dexcision-rachel-chagnon-journaldemontreal-com-14-fevrier-2020\/","og_locale":"fr_CA","og_type":"article","og_title":"Refus\u00e9es malgr\u00e9 le risque d\u2019excision, Rachel Chagnon, JournalDeMontreal.com, 14 f\u00e9vrier 2020. | PR\u00c9FIX","og_description":"Refus\u00e9es malgr\u00e9 le risque d\u2019excision, JournalDeMontreal.com","og_url":"https:\/\/revues.uqam.ca\/prefix\/medias\/refusees-malgre-le-risque-dexcision-rachel-chagnon-journaldemontreal-com-14-fevrier-2020\/","og_site_name":"PR\u00c9FIX","article_modified_time":"2025-11-18T20:21:46+00:00","og_image":[{"width":1081,"height":1081,"url":"https:\/\/revues.uqam.ca\/prefix\/wp-content\/uploads\/sites\/4\/2025\/09\/UQAM_danslesmedias_vignette_1080x1080.png","type":"image\/png"}],"twitter_card":"summary_large_image","twitter_misc":{"Estimation du temps de lecture":"1 minute"},"schema":{"@context":"https:\/\/schema.org","@graph":[{"@type":"WebPage","@id":"https:\/\/revues.uqam.ca\/prefix\/medias\/refusees-malgre-le-risque-dexcision-rachel-chagnon-journaldemontreal-com-14-fevrier-2020\/","url":"https:\/\/revues.uqam.ca\/prefix\/medias\/refusees-malgre-le-risque-dexcision-rachel-chagnon-journaldemontreal-com-14-fevrier-2020\/","name":"Refus\u00e9es malgr\u00e9 le risque d\u2019excision, Rachel Chagnon, JournalDeMontreal.com, 14 f\u00e9vrier 2020. | PR\u00c9FIX","isPartOf":{"@id":"https:\/\/revues.uqam.ca\/prefix\/#website"},"datePublished":"2020-02-14T20:00:00+00:00","dateModified":"2025-11-18T20:21:46+00:00","breadcrumb":{"@id":"https:\/\/revues.uqam.ca\/prefix\/medias\/refusees-malgre-le-risque-dexcision-rachel-chagnon-journaldemontreal-com-14-fevrier-2020\/#breadcrumb"},"inLanguage":"fr-CA","potentialAction":[{"@type":"ReadAction","target":["https:\/\/revues.uqam.ca\/prefix\/medias\/refusees-malgre-le-risque-dexcision-rachel-chagnon-journaldemontreal-com-14-fevrier-2020\/"]}]},{"@type":"BreadcrumbList","@id":"https:\/\/revues.uqam.ca\/prefix\/medias\/refusees-malgre-le-risque-dexcision-rachel-chagnon-journaldemontreal-com-14-fevrier-2020\/#breadcrumb","itemListElement":[{"@type":"ListItem","position":1,"name":"UQAM","item":"https:\/\/uqam.ca"},{"@type":"ListItem","position":2,"name":"PR\u00c9FIX","item":"https:\/\/revues.uqam.ca\/prefix"},{"@type":"ListItem","position":3,"name":"Refus\u00e9es malgr\u00e9 le risque d\u2019excision, Rachel Chagnon, JournalDeMontreal.com, 14 f\u00e9vrier 2020."}]},{"@type":"WebSite","@id":"https:\/\/revues.uqam.ca\/prefix\/#website","url":"https:\/\/revues.uqam.ca\/prefix\/","name":"PR\u00c9FIX","description":"","potentialAction":[{"@type":"SearchAction","target":{"@type":"EntryPoint","urlTemplate":"https:\/\/revues.uqam.ca\/prefix\/recherche\/?q={search_term_string}"},"query-input":"required name=search_term_string"}],"inLanguage":"fr-CA"}]}},"featured_img":"https:\/\/revues.uqam.ca\/prefix\/wp-content\/uploads\/sites\/4\/2025\/09\/UQAM_danslesmedias_vignette_1080x1080.png","coauthors":[{"link":"https:\/\/revues.uqam.ca\/prefix\/author\/chagnon-rachel\/","display_name":"Chagnon, Rachel"}],"author_meta":{"author_link":"https:\/\/revues.uqam.ca\/prefix\/author\/laporte_jon\/","display_name":"Laporte, Jonathan"},"relative_dates":{"created":"Posted 6 ann\u00e9es ago","modified":"Updated 5 mois ago"},"absolute_dates":{"created":"Posted on 14 f\u00e9vrier 2020","modified":"Updated on 18 novembre 2025"},"absolute_dates_time":{"created":"Posted on 14 f\u00e9vrier 2020 15 h 00 min","modified":"Updated on 18 novembre 2025 15 h 21 min"},"featured_img_caption":"","tax_additional":{"post_tag":{"linked":["<a href=\"https:\/\/revues.uqam.ca\/prefix\/tag\/immigration\/\" class=\"advgb-post-tax-term\">immigration<\/a>","<a href=\"https:\/\/revues.uqam.ca\/prefix\/tag\/mutilations-genitales\/\" class=\"advgb-post-tax-term\">mutilations g\u00e9nitales<\/a>","<a href=\"https:\/\/revues.uqam.ca\/prefix\/tag\/violence-faite-aux-femmes\/\" class=\"advgb-post-tax-term\">violence faite aux femmes<\/a>"],"unlinked":["<span class=\"advgb-post-tax-term\">immigration<\/span>","<span class=\"advgb-post-tax-term\">mutilations g\u00e9nitales<\/span>","<span class=\"advgb-post-tax-term\">violence faite aux femmes<\/span>"],"slug":"post_tag","name":"\u00c9tiquettes"},"author":{"linked":["<a href=\"https:\/\/revues.uqam.ca\/prefix\/author\/chagnon-rachel\/\" class=\"advgb-post-tax-term\">Chagnon, Rachel<\/a>"],"unlinked":["<span class=\"advgb-post-tax-term\">Chagnon, Rachel<\/span>"],"slug":"author","name":"Authors"}},"series_order":"","_links":{"self":[{"href":"https:\/\/revues.uqam.ca\/prefix\/wp-json\/wp\/v2\/medias\/5471","targetHints":{"allow":["GET"]}}],"collection":[{"href":"https:\/\/revues.uqam.ca\/prefix\/wp-json\/wp\/v2\/medias"}],"about":[{"href":"https:\/\/revues.uqam.ca\/prefix\/wp-json\/wp\/v2\/types\/medias"}],"author":[{"embeddable":true,"href":"https:\/\/revues.uqam.ca\/prefix\/wp-json\/wp\/v2\/users\/1"}],"wp:featuredmedia":[{"embeddable":true,"href":"https:\/\/revues.uqam.ca\/prefix\/wp-json\/wp\/v2\/media\/5300"}],"wp:attachment":[{"href":"https:\/\/revues.uqam.ca\/prefix\/wp-json\/wp\/v2\/media?parent=5471"}],"wp:term":[{"taxonomy":"post_tag","embeddable":true,"href":"https:\/\/revues.uqam.ca\/prefix\/wp-json\/wp\/v2\/tags?post=5471"},{"taxonomy":"author","embeddable":true,"href":"https:\/\/revues.uqam.ca\/prefix\/wp-json\/wp\/v2\/ppma_author?post=5471"}],"curies":[{"name":"wp","href":"https:\/\/api.w.org\/{rel}","templated":true}]}}

Refusées malgré le risque d’excision, Rachel Chagnon, JournalDeMontreal.com, 14 février 2020.

<p>Refusées malgré le risque d’excision, JournalDeMontreal.com</p>

<!-- This site is optimized with the Yoast SEO plugin v22.1 - https://yoast.com/wordpress/plugins/seo/ -->
<title>Refusées malgré le risque d’excision, Rachel Chagnon, JournalDeMontreal.com, 14 février 2020. | PRÉFIX</title>
<meta name="robots" content="index, follow, max-snippet:-1, max-image-preview:large, max-video-preview:-1" />
<link rel="canonical" href="https://revues.uqam.ca/prefix/medias/refusees-malgre-le-risque-dexcision-rachel-chagnon-journaldemontreal-com-14-fevrier-2020/" />
<meta property="og:locale" content="fr_CA" />
<meta property="og:type" content="article" />
<meta property="og:title" content="Refusées malgré le risque d’excision, Rachel Chagnon, JournalDeMontreal.com, 14 février 2020. | PRÉFIX" />
<meta property="og:description" content="Refusées malgré le risque d’excision, JournalDeMontreal.com" />
<meta property="og:url" content="https://revues.uqam.ca/prefix/medias/refusees-malgre-le-risque-dexcision-rachel-chagnon-journaldemontreal-com-14-fevrier-2020/" />
<meta property="og:site_name" content="PRÉFIX" />
<meta property="article:modified_time" content="2025-11-18T20:21:46+00:00" />
<meta property="og:image" content="https://revues.uqam.ca/prefix/wp-content/uploads/sites/4/2025/09/UQAM_danslesmedias_vignette_1080x1080.png" />
	<meta property="og:image:width" content="1081" />
	<meta property="og:image:height" content="1081" />
	<meta property="og:image:type" content="image/png" />
<meta name="twitter:card" content="summary_large_image" />
<meta name="twitter:label1" content="Estimation du temps de lecture" />
	<meta name="twitter:data1" content="1 minute" />
<script type="application/ld+json" class="yoast-schema-graph">{"@context":"https://schema.org","@graph":[{"@type":"WebPage","@id":"https://revues.uqam.ca/prefix/medias/refusees-malgre-le-risque-dexcision-rachel-chagnon-journaldemontreal-com-14-fevrier-2020/","url":"https://revues.uqam.ca/prefix/medias/refusees-malgre-le-risque-dexcision-rachel-chagnon-journaldemontreal-com-14-fevrier-2020/","name":"Refusées malgré le risque d’excision, Rachel Chagnon, JournalDeMontreal.com, 14 février 2020. | PRÉFIX","isPartOf":{"@id":"https://revues.uqam.ca/prefix/#website"},"datePublished":"2020-02-14T20:00:00+00:00","dateModified":"2025-11-18T20:21:46+00:00","breadcrumb":{"@id":"https://revues.uqam.ca/prefix/medias/refusees-malgre-le-risque-dexcision-rachel-chagnon-journaldemontreal-com-14-fevrier-2020/#breadcrumb"},"inLanguage":"fr-CA","potentialAction":[{"@type":"ReadAction","target":["https://revues.uqam.ca/prefix/medias/refusees-malgre-le-risque-dexcision-rachel-chagnon-journaldemontreal-com-14-fevrier-2020/"]}]},{"@type":"BreadcrumbList","@id":"https://revues.uqam.ca/prefix/medias/refusees-malgre-le-risque-dexcision-rachel-chagnon-journaldemontreal-com-14-fevrier-2020/#breadcrumb","itemListElement":[{"@type":"ListItem","position":1,"name":"UQAM","item":"https://uqam.ca"},{"@type":"ListItem","position":2,"name":"PRÉFIX","item":"https://revues.uqam.ca/prefix"},{"@type":"ListItem","position":3,"name":"Refusées malgré le risque d’excision, Rachel Chagnon, JournalDeMontreal.com, 14 février 2020."}]},{"@type":"WebSite","@id":"https://revues.uqam.ca/prefix/#website","url":"https://revues.uqam.ca/prefix/","name":"PRÉFIX","description":"","potentialAction":[{"@type":"SearchAction","target":{"@type":"EntryPoint","urlTemplate":"https://revues.uqam.ca/prefix/recherche/?q={search_term_string}"},"query-input":"required name=search_term_string"}],"inLanguage":"fr-CA"}]}</script>
<!-- / Yoast SEO plugin. -->

Refusées malgré le risque d’excision, Rachel Chagnon, JournalDeMontreal.com, 14 février 2020. | PRÉFIX

Refusées malgré le risque d’excision, JournalDeMontreal.com

PRÉFIX

Posted 6 années ago

Posted on 14 février 2020

Posted on 14 février 2020 15 h 00 min

<a href="https://revues.uqam.ca/prefix/tag/mutilations-genitales/" class="advgb-post-tax-term">mutilations génitales</a>

<span class="advgb-post-tax-term">mutilations génitales</span>

Étiquettes
