{"id":40,"date":"2023-01-10T16:23:42","date_gmt":"2023-01-10T16:23:42","guid":{"rendered":"https:\/\/revues.dev.uqam.ca\/iref\/?page_id=40"},"modified":"2024-11-07T21:39:18","modified_gmt":"2024-11-07T21:39:18","slug":"accueil","status":"publish","type":"page","link":"https:\/\/revues.uqam.ca\/modele\/","title":{"rendered":"Accueil"},"content":{"rendered":"\n<div class=\"wp-block-group has-very-light-gray-to-cyan-bluish-gray-gradient-background has-background\"><div class=\"wp-block-group__inner-container is-layout-constrained wp-block-group-is-layout-constrained\">\n<p>En plus d&rsquo;une br\u00e8ve pr\u00e9sentation de la revue, r\u00e9sumez les contenus et les services mis de l&rsquo;avant sur le site web. Ajoutez \u00e9galement les informations suivantes sur la page d&rsquo;accueil :<\/p>\n\n\n\n<ul class=\"wp-block-list\">\n<li>Ann\u00e9e de publication du premier num\u00e9ro<\/li>\n\n\n\n<li>Nombre de num\u00e9ros publi\u00e9s par ann\u00e9e<\/li>\n\n\n\n<li>\u00c9valuation ou non par les pairs<\/li>\n\n\n\n<li>Disponibilit\u00e9 en libre acc\u00e8s<\/li>\n<\/ul>\n\n\n\n<p>Si la revue dispose de plusieurs sites web (OJS, \u00c9rudit, etc.), il est recommand\u00e9 de faire une mention de ces sites et de pr\u00e9ciser leur raison d\u2019\u00eatre.&nbsp;&nbsp;<\/p>\n<\/div><\/div>\n\n\n\n<p>Lorem ipsum dolor sit amet, consectetur adipiscing elit. Praesent nisl nulla, auctor dignissim vulputate at, lobortis id dui. Donec non orci in libero accumsan mattis in et est. Pellentesque habitant morbi tristique senectus et netus et malesuada fames ac turpis egestas. Curabitur vehicula purus sit amet nibh tristique viverra congue nec quam. Phasellus vitae pharetra magna. Vestibulum lobortis sed lectus et euismod. Aenean efficitur id diam ut tempus. Nulla et mi est.<\/p>\n\n\n\n<p>Cras porttitor arcu nisl, nec rhoncus erat congue vitae. Cras dapibus diam at luctus lacinia. Pellentesque condimentum ipsum ut placerat mollis. Sed dignissim arcu neque, ac dapibus risus ultrices ut. Quisque auctor mi nec turpis egestas, commodo feugiat eros commodo. Proin sodales, urna ut ultrices vehicula, nisl purus tristique quam, sit amet finibus metus orci at magna. Aliquam congue dolor massa, nec laoreet arcu interdum non.<\/p>\n\n\n\n<div class=\"wp-block-group has-very-light-gray-to-cyan-bluish-gray-gradient-background has-background\"><div class=\"wp-block-group__inner-container is-layout-constrained wp-block-group-is-layout-constrained\">\n<p><strong>Sites li\u00e9s<\/strong><\/p>\n\n\n\n<table class=\"wp-block-advgb-table advgb-table-frontend is-style-default\" style=\"border-collapse:collapse\"><tbody><tr><td style=\"text-align:center;border-style:none\"><img loading=\"lazy\" decoding=\"async\" width=\"225\" height=\"229\" class=\"wp-image-14313\" style=\"width: 125px\" src=\"https:\/\/revues.uqam.ca\/modele\/wp-content\/uploads\/sites\/5\/2024\/11\/HeaderRevues_x2-02-1.jpg\" alt=\"\"><\/td><td style=\"text-align:left;vertical-align:middle;border-style:none\">Morbi sit amet ante volutpat, ultrices sem eu, maximus dolor. <\/td><\/tr><tr><td style=\"text-align:center;border-style:none\"><img loading=\"lazy\" decoding=\"async\" width=\"225\" height=\"229\" class=\"wp-image-14314\" style=\"width: 125px\" src=\"https:\/\/revues.uqam.ca\/modele\/wp-content\/uploads\/sites\/5\/2024\/11\/HeaderRevues_x2-03.jpg\" alt=\"\"><\/td><td style=\"text-align:left;vertical-align:middle;border-style:none\">Praesent elit magna, lobortis et nisi sed, rhoncus luctus libero.<\/td><\/tr><\/tbody><\/table>\n<\/div><\/div>\n","protected":false},"excerpt":{"rendered":"<p>En plus d&rsquo;une br\u00e8ve pr\u00e9sentation de la revue, r\u00e9sumez les contenus et les services mis de l&rsquo;avant sur le site web. Ajoutez \u00e9galement les informations suivantes sur la page d&rsquo;accueil : Si la revue dispose de plusieurs sites web (OJS, \u00c9rudit, etc.), il est recommand\u00e9 de faire une mention de ces sites et de pr\u00e9ciser [&hellip;]<\/p>\n","protected":false},"author":1,"featured_media":0,"parent":0,"menu_order":0,"comment_status":"closed","ping_status":"closed","template":"","meta":{"_acf_changed":false,"advgb_blocks_editor_width":"","advgb_blocks_columns_visual_guide":"","footnotes":""},"categories":[],"class_list":["post-40","page","type-page","status-publish","hentry"],"acf":[],"yoast_head":"<!-- This site is optimized with the Yoast SEO plugin v22.1 - https:\/\/yoast.com\/wordpress\/plugins\/seo\/ -->\n<title>Accueil | Mod\u00e8le pour une revue savante<\/title>\n<meta name=\"robots\" content=\"noindex, follow, max-snippet:-1, max-image-preview:large, max-video-preview:-1\" \/>\n<meta property=\"og:locale\" content=\"fr_CA\" \/>\n<meta property=\"og:type\" content=\"article\" \/>\n<meta property=\"og:title\" content=\"Accueil | Mod\u00e8le pour une revue savante\" \/>\n<meta property=\"og:description\" content=\"En plus d&rsquo;une br\u00e8ve pr\u00e9sentation de la revue, r\u00e9sumez les contenus et les services mis de l&rsquo;avant sur le site web. Ajoutez \u00e9galement les informations suivantes sur la page d&rsquo;accueil : Si la revue dispose de plusieurs sites web (OJS, \u00c9rudit, etc.), il est recommand\u00e9 de faire une mention de ces sites et de pr\u00e9ciser [&hellip;]\" \/>\n<meta property=\"og:url\" content=\"https:\/\/revues.uqam.ca\/modele\/\" \/>\n<meta property=\"og:site_name\" content=\"Mod\u00e8le pour une revue savante\" \/>\n<meta property=\"article:modified_time\" content=\"2024-11-07T21:39:18+00:00\" \/>\n<meta property=\"og:image\" content=\"https:\/\/revues.uqam.ca\/modele\/wp-content\/uploads\/sites\/5\/2024\/11\/HeaderRevues_x2-02-1.jpg\" \/>\n<meta name=\"twitter:card\" content=\"summary_large_image\" \/>\n<meta name=\"twitter:label1\" content=\"Estimation du temps de lecture\" \/>\n\t<meta name=\"twitter:data1\" content=\"2 minutes\" \/>\n<script type=\"application\/ld+json\" class=\"yoast-schema-graph\">{\"@context\":\"https:\/\/schema.org\",\"@graph\":[{\"@type\":\"WebPage\",\"@id\":\"https:\/\/revues.uqam.ca\/modele\/\",\"url\":\"https:\/\/revues.uqam.ca\/modele\/\",\"name\":\"Accueil | Mod\u00e8le pour une revue savante\",\"isPartOf\":{\"@id\":\"https:\/\/revues.uqam.ca\/modele\/#website\"},\"datePublished\":\"2023-01-10T16:23:42+00:00\",\"dateModified\":\"2024-11-07T21:39:18+00:00\",\"breadcrumb\":{\"@id\":\"https:\/\/revues.uqam.ca\/modele\/#breadcrumb\"},\"inLanguage\":\"fr-CA\",\"potentialAction\":[{\"@type\":\"ReadAction\",\"target\":[\"https:\/\/revues.uqam.ca\/modele\/\"]}]},{\"@type\":\"BreadcrumbList\",\"@id\":\"https:\/\/revues.uqam.ca\/modele\/#breadcrumb\",\"itemListElement\":[{\"@type\":\"ListItem\",\"position\":1,\"name\":\"UQAM\",\"item\":\"https:\/\/uqam.ca\"},{\"@type\":\"ListItem\",\"position\":2,\"name\":\"Mod\u00e8le pour une revue savante\",\"item\":\"https:\/\/revues.uqam.ca\/modele\"},{\"@type\":\"ListItem\",\"position\":3,\"name\":\"Accueil\"}]},{\"@type\":\"WebSite\",\"@id\":\"https:\/\/revues.uqam.ca\/modele\/#website\",\"url\":\"https:\/\/revues.uqam.ca\/modele\/\",\"name\":\"Mod\u00e8le revue\",\"description\":\"\",\"alternateName\":\"Mod\u00e8le revue UQAM\",\"potentialAction\":[{\"@type\":\"SearchAction\",\"target\":{\"@type\":\"EntryPoint\",\"urlTemplate\":\"https:\/\/revues.uqam.ca\/modele\/recherche\/?q={search_term_string}\"},\"query-input\":\"required name=search_term_string\"}],\"inLanguage\":\"fr-CA\"}]}<\/script>\n<!-- \/ Yoast SEO plugin. -->","yoast_head_json":{"title":"Accueil | Mod\u00e8le pour une revue savante","robots":{"index":"noindex","follow":"follow","max-snippet":"max-snippet:-1","max-image-preview":"max-image-preview:large","max-video-preview":"max-video-preview:-1"},"og_locale":"fr_CA","og_type":"article","og_title":"Accueil | Mod\u00e8le pour une revue savante","og_description":"En plus d&rsquo;une br\u00e8ve pr\u00e9sentation de la revue, r\u00e9sumez les contenus et les services mis de l&rsquo;avant sur le site web. Ajoutez \u00e9galement les informations suivantes sur la page d&rsquo;accueil : Si la revue dispose de plusieurs sites web (OJS, \u00c9rudit, etc.), il est recommand\u00e9 de faire une mention de ces sites et de pr\u00e9ciser [&hellip;]","og_url":"https:\/\/revues.uqam.ca\/modele\/","og_site_name":"Mod\u00e8le pour une revue savante","article_modified_time":"2024-11-07T21:39:18+00:00","og_image":[{"url":"https:\/\/revues.uqam.ca\/modele\/wp-content\/uploads\/sites\/5\/2024\/11\/HeaderRevues_x2-02-1.jpg"}],"twitter_card":"summary_large_image","twitter_misc":{"Estimation du temps de lecture":"2 minutes"},"schema":{"@context":"https:\/\/schema.org","@graph":[{"@type":"WebPage","@id":"https:\/\/revues.uqam.ca\/modele\/","url":"https:\/\/revues.uqam.ca\/modele\/","name":"Accueil | Mod\u00e8le pour une revue savante","isPartOf":{"@id":"https:\/\/revues.uqam.ca\/modele\/#website"},"datePublished":"2023-01-10T16:23:42+00:00","dateModified":"2024-11-07T21:39:18+00:00","breadcrumb":{"@id":"https:\/\/revues.uqam.ca\/modele\/#breadcrumb"},"inLanguage":"fr-CA","potentialAction":[{"@type":"ReadAction","target":["https:\/\/revues.uqam.ca\/modele\/"]}]},{"@type":"BreadcrumbList","@id":"https:\/\/revues.uqam.ca\/modele\/#breadcrumb","itemListElement":[{"@type":"ListItem","position":1,"name":"UQAM","item":"https:\/\/uqam.ca"},{"@type":"ListItem","position":2,"name":"Mod\u00e8le pour une revue savante","item":"https:\/\/revues.uqam.ca\/modele"},{"@type":"ListItem","position":3,"name":"Accueil"}]},{"@type":"WebSite","@id":"https:\/\/revues.uqam.ca\/modele\/#website","url":"https:\/\/revues.uqam.ca\/modele\/","name":"Mod\u00e8le revue","description":"","alternateName":"Mod\u00e8le revue UQAM","potentialAction":[{"@type":"SearchAction","target":{"@type":"EntryPoint","urlTemplate":"https:\/\/revues.uqam.ca\/modele\/recherche\/?q={search_term_string}"},"query-input":"required name=search_term_string"}],"inLanguage":"fr-CA"}]}},"coauthors":[{"link":"https:\/\/revues.uqam.ca\/modele\/author\/laporte_jon\/","display_name":"Jonathan Laporte"}],"author_meta":{"author_link":"https:\/\/revues.uqam.ca\/modele\/author\/laporte_jon\/","display_name":"Jonathan Laporte"},"relative_dates":{"created":"Posted 3 ann\u00e9es ago","modified":"Updated 1 ann\u00e9e ago"},"absolute_dates":{"created":"Posted on 2023-01-10","modified":"Updated on 2024-11-07"},"absolute_dates_time":{"created":"Posted on 2023-01-10 16 h 23 min","modified":"Updated on 2024-11-07 21 h 39 min"},"featured_img_caption":"","featured_img":false,"series_order":"","_links":{"self":[{"href":"https:\/\/revues.uqam.ca\/modele\/wp-json\/wp\/v2\/pages\/40","targetHints":{"allow":["GET"]}}],"collection":[{"href":"https:\/\/revues.uqam.ca\/modele\/wp-json\/wp\/v2\/pages"}],"about":[{"href":"https:\/\/revues.uqam.ca\/modele\/wp-json\/wp\/v2\/types\/page"}],"author":[{"embeddable":true,"href":"https:\/\/revues.uqam.ca\/modele\/wp-json\/wp\/v2\/users\/1"}],"replies":[{"embeddable":true,"href":"https:\/\/revues.uqam.ca\/modele\/wp-json\/wp\/v2\/comments?post=40"}],"version-history":[{"count":61,"href":"https:\/\/revues.uqam.ca\/modele\/wp-json\/wp\/v2\/pages\/40\/revisions"}],"predecessor-version":[{"id":14372,"href":"https:\/\/revues.uqam.ca\/modele\/wp-json\/wp\/v2\/pages\/40\/revisions\/14372"}],"wp:attachment":[{"href":"https:\/\/revues.uqam.ca\/modele\/wp-json\/wp\/v2\/media?parent=40"}],"wp:term":[{"taxonomy":"category","embeddable":true,"href":"https:\/\/revues.uqam.ca\/modele\/wp-json\/wp\/v2\/categories?post=40"}],"curies":[{"name":"wp","href":"https:\/\/api.w.org\/{rel}","templated":true}]}}